{"id":7293,"date":"2020-08-31T06:46:33","date_gmt":"2020-08-31T06:46:33","guid":{"rendered":"https:\/\/bafo.ro\/v22\/product\/cablu-date-baseus-type-c-catklf-bg1-cafule-3a-1m-negru\/"},"modified":"2025-03-31T16:36:33","modified_gmt":"2025-03-31T16:36:33","slug":"cablu-date-baseus-type-c-catklf-bg1-cafule-3a-1m-negru","status":"publish","type":"product","link":"https:\/\/bafo.ro\/v22\/product\/cablu-date-baseus-type-c-catklf-bg1-cafule-3a-1m-negru\/","title":{"rendered":"CABLU DATE BASEUS TYPE C CATKLF-BG1 Cafule 3A 1M negru"},"content":{"rendered":"<p id=\"tw-target-text\" class=\"tw-data-text tw-text-large tw-ta\" dir=\"ltr\" data-placeholder=\"Translation\"><span class=\"Y2IQFc\" lang=\"ro\">Cablu USB super rezistent \u2013 \u200b\u200bBASEUS Cafule. Permite \u00eenc\u0103rcarea \u0219i transferul de date simultan. Echipat cu un velcro practic pentru depozitare usoara. Impletitura din nailon previne ruperea cablului, asigurand utilizarea pe termen lung. Cablul de cupru pur garanteaz\u0103 re\u00eennoirea instantanee a energiei. Conexiunea \u00eent\u0103rit\u0103 previne \u00een plus ruperea cablului, prelungind durata de via\u021b\u0103 a acestuia. Transferul \u0219i \u00eenc\u0103rcarea simultan\u0103 a datelor \u00eenseamn\u0103 c\u0103 pute\u021bi transfera date \u0219i pute\u021bi \u00eenc\u0103rca dispozitivul \u00een acela\u0219i timp, f\u0103r\u0103 ferestre pop-up. Dopurile din aluminiu nu sunt doar elegante, ci \u0219i durabile \u0219i rezistente la abraziune \u0219i oxidare. Velcro practic previne \u00eencurcarea cablului \u0219i \u00eel face u\u0219or de depozitat. Produsul este disponibil in mai multe culori. Specifica\u021bie: Material: aliaj de aluminiu + TPE + fire de nailon de \u00eenalt\u0103 densitate . Curent de ie\u0219ire: 0,5 m\/ 1 m: 5 V \/ 2,4 A, 2 m: 5 V\/ 1,5 A . Viteza de transmisie: 480 Mb\/s Lungime: 1 m<\/span><\/p>\n","protected":false},"excerpt":{"rendered":"<p>Cablu USB super rezistent \u2013 \u200b\u200bBASEUS Cafule. Permite \u00eenc\u0103rcarea \u0219i transferul de date simultan. Echipat cu un velcro practic pentru depozitare usoara. Impletitura din nailon previne ruperea cablului, asigurand utilizarea pe termen lung. Cablul de cupru pur garanteaz\u0103 re\u00eennoirea instantanee a energiei. Conexiunea \u00eent\u0103rit\u0103 previne \u00een plus ruperea cablului, prelungind durata de via\u021b\u0103 a acestuia. Transferul \u0219i \u00eenc\u0103rcarea simultan\u0103 a datelor \u00eenseamn\u0103 c\u0103 pute\u021bi transfera date \u0219i pute\u021bi \u00eenc\u0103rca dispozitivul \u00een acela\u0219i timp, f\u0103r\u0103 ferestre pop-up. Dopurile din aluminiu nu sunt doar elegante, ci \u0219i durabile \u0219i rezistente la abraziune \u0219i oxidare. Velcro practic previne \u00eencurcarea cablului \u0219i \u00eel face u\u0219or de depozitat. Produsul este disponibil in mai multe culori. Specifica\u021bie: Material: aliaj de aluminiu + TPE + fire de nailon de \u00eenalt\u0103 densitate . Curent de ie\u0219ire: 0,5 m\/ 1 m: 5 V \/ 2,4 A, 2 m: 5 V\/ 1,5 A . Viteza de transmisie: 480 Mb\/s Lungime: 1 m<\/p>\n","protected":false},"featured_media":7294,"comment_status":"open","ping_status":"open","template":"","meta":[],"product_brand":[112],"product_cat":[237,234],"product_tag":[],"class_list":{"0":"post-7293","1":"product","2":"type-product","3":"status-publish","4":"has-post-thumbnail","6":"product_brand-baseus","7":"product_cat-cablu-date-type-c","8":"product_cat-cabluri-de-date","10":"first","11":"outofstock","12":"shipping-taxable","13":"product-type-simple"},"_links":{"self":[{"href":"https:\/\/bafo.ro\/v22\/wp-json\/wp\/v2\/product\/7293","targetHints":{"allow":["GET"]}}],"collection":[{"href":"https:\/\/bafo.ro\/v22\/wp-json\/wp\/v2\/product"}],"about":[{"href":"https:\/\/bafo.ro\/v22\/wp-json\/wp\/v2\/types\/product"}],"replies":[{"embeddable":true,"href":"https:\/\/bafo.ro\/v22\/wp-json\/wp\/v2\/comments?post=7293"}],"version-history":[{"count":0,"href":"https:\/\/bafo.ro\/v22\/wp-json\/wp\/v2\/product\/7293\/revisions"}],"wp:featuredmedia":[{"embeddable":true,"href":"https:\/\/bafo.ro\/v22\/wp-json\/wp\/v2\/media\/7294"}],"wp:attachment":[{"href":"https:\/\/bafo.ro\/v22\/wp-json\/wp\/v2\/media?parent=7293"}],"wp:term":[{"taxonomy":"product_brand","embeddable":true,"href":"https:\/\/bafo.ro\/v22\/wp-json\/wp\/v2\/product_brand?post=7293"},{"taxonomy":"product_cat","embeddable":true,"href":"https:\/\/bafo.ro\/v22\/wp-json\/wp\/v2\/product_cat?post=7293"},{"taxonomy":"product_tag","embeddable":true,"href":"https:\/\/bafo.ro\/v22\/wp-json\/wp\/v2\/product_tag?post=7293"}],"curies":[{"name":"wp","href":"https:\/\/api.w.org\/{rel}","templated":true}]}}