{"id":5939,"date":"2019-07-16T11:23:17","date_gmt":"2019-07-16T11:23:17","guid":{"rendered":"https:\/\/bafo.ro\/v22\/product\/cablu-date-iphone-5x25-1m-alb\/"},"modified":"2025-03-31T16:31:23","modified_gmt":"2025-03-31T16:31:23","slug":"cablu-date-iphone-5x25-1m-alb","status":"publish","type":"product","link":"https:\/\/bafo.ro\/v22\/product\/cablu-date-iphone-5x25-1m-alb\/","title":{"rendered":"CABLU DATE HOCO Iphone X25 1m alb"},"content":{"rendered":"<p id=\"tw-target-text\" class=\"tw-data-text tw-text-large tw-ta\" dir=\"ltr\" data-placeholder=\"Translation\"><span class=\"Y2IQFc\" lang=\"ro\">Cablu de incarcare \u2013 HOCO SOARER X25. Accept\u0103 \u00eenc\u0103rcarea \u0219i transferul de date de pe telefoanele Apple \u0219i Android. Fabricat din componente de \u00eenalt\u0103 calitate \u2013 PVC, garanteaz\u0103 o utilizare pe termen lung \u0219i sigur\u0103. Lungimea optim\u0103 (1 m) m\u0103re\u0219te confortul utiliz\u0103rii smartphone-ului \u00een timpul \u00eenc\u0103rc\u0103rii. Universal: permite transferul \u0219i \u00eenc\u0103rcarea stabil\u0103 a datelor. Tipuri de conector disponibile: Iphone, Micro USB \u0219i Type C. <em>Specifica\u021bie:<\/em> <\/span><\/p>\n<p class=\"tw-data-text tw-text-large tw-ta\" dir=\"ltr\" data-placeholder=\"Translation\"><span class=\"Y2IQFc\" lang=\"ro\">Lungime: 1 m<\/span><\/p>\n<p class=\"tw-data-text tw-text-large tw-ta\" dir=\"ltr\" data-placeholder=\"Translation\"><span class=\"Y2IQFc\" lang=\"ro\">Greutate: 22 g<\/span><\/p>\n<p class=\"tw-data-text tw-text-large tw-ta\" dir=\"ltr\" data-placeholder=\"Translation\"><span class=\"Y2IQFc\" lang=\"ro\">Curent nominal: aprox. 2A<\/span><\/p>\n","protected":false},"excerpt":{"rendered":"<p>Cablu de incarcare \u2013 HOCO SOARER X25. Accept\u0103 \u00eenc\u0103rcarea \u0219i transferul de date de pe telefoanele Apple \u0219i Android. Fabricat din componente de \u00eenalt\u0103 calitate \u2013 PVC, garanteaz\u0103 o utilizare pe termen lung \u0219i sigur\u0103. Lungimea optim\u0103 (1 m) m\u0103re\u0219te confortul utiliz\u0103rii smartphone-ului \u00een timpul \u00eenc\u0103rc\u0103rii. Universal: permite transferul \u0219i \u00eenc\u0103rcarea stabil\u0103 a datelor. Tipuri de conector disponibile: Iphone, Micro USB \u0219i Type C. Specifica\u021bie: Lungime: 1 m Greutate: 22 g Curent nominal: aprox. 2A<\/p>\n","protected":false},"featured_media":5941,"comment_status":"closed","ping_status":"open","template":"","meta":[],"product_brand":[],"product_cat":[235,234],"product_tag":[],"class_list":{"0":"post-5939","1":"product","2":"type-product","3":"status-publish","4":"has-post-thumbnail","6":"product_cat-cablu-date-iphone","7":"product_cat-cabluri-de-date","9":"first","10":"outofstock","11":"shipping-taxable","12":"product-type-simple"},"_links":{"self":[{"href":"https:\/\/bafo.ro\/v22\/wp-json\/wp\/v2\/product\/5939","targetHints":{"allow":["GET"]}}],"collection":[{"href":"https:\/\/bafo.ro\/v22\/wp-json\/wp\/v2\/product"}],"about":[{"href":"https:\/\/bafo.ro\/v22\/wp-json\/wp\/v2\/types\/product"}],"replies":[{"embeddable":true,"href":"https:\/\/bafo.ro\/v22\/wp-json\/wp\/v2\/comments?post=5939"}],"version-history":[{"count":1,"href":"https:\/\/bafo.ro\/v22\/wp-json\/wp\/v2\/product\/5939\/revisions"}],"predecessor-version":[{"id":5940,"href":"https:\/\/bafo.ro\/v22\/wp-json\/wp\/v2\/product\/5939\/revisions\/5940"}],"wp:featuredmedia":[{"embeddable":true,"href":"https:\/\/bafo.ro\/v22\/wp-json\/wp\/v2\/media\/5941"}],"wp:attachment":[{"href":"https:\/\/bafo.ro\/v22\/wp-json\/wp\/v2\/media?parent=5939"}],"wp:term":[{"taxonomy":"product_brand","embeddable":true,"href":"https:\/\/bafo.ro\/v22\/wp-json\/wp\/v2\/product_brand?post=5939"},{"taxonomy":"product_cat","embeddable":true,"href":"https:\/\/bafo.ro\/v22\/wp-json\/wp\/v2\/product_cat?post=5939"},{"taxonomy":"product_tag","embeddable":true,"href":"https:\/\/bafo.ro\/v22\/wp-json\/wp\/v2\/product_tag?post=5939"}],"curies":[{"name":"wp","href":"https:\/\/api.w.org\/{rel}","templated":true}]}}