{"id":21872,"date":"2024-07-24T12:48:46","date_gmt":"2024-07-24T12:48:46","guid":{"rendered":"https:\/\/bafo.ro\/v22\/product\/casca-bluetooth-hoco-tws-eq6-negru\/"},"modified":"2025-03-31T17:36:26","modified_gmt":"2025-03-31T17:36:26","slug":"casca-bluetooth-hoco-tws-eq6-negru","status":"publish","type":"product","link":"https:\/\/bafo.ro\/v22\/product\/casca-bluetooth-hoco-tws-eq6-negru\/","title":{"rendered":"CASCA BLUETOOTH HOCO TWS EQ6 negru"},"content":{"rendered":"<p id=\"tw-target-text\" class=\"tw-data-text tw-text-large tw-ta\" dir=\"ltr\" data-placeholder=\"Translation\" aria-label=\"Translated text\" data-ved=\"2ahUKEwjmtMXWkr-HAxUhQ_EDHYcCLHEQ3ewLegQIBxAU\"><span class=\"Y2IQFc\" lang=\"ro\">Nu r\u0103m\u00e2ne f\u0103r\u0103 muzica ta preferat\u0103 datorit\u0103 c\u0103\u0219tilor f\u0103r\u0103 fir TWS EQ6 de la Hoco. C\u0103\u0219tile TWS la \u00eendem\u00e2n\u0103 \u0219i confortabile se potrivesc bine \u00een urechi, astfel \u00eenc\u00e2t nu ve\u021bi sim\u021bi niciun disconfort chiar \u0219i dup\u0103 multe ore de utilizare. Utiliza\u021bi Bluetooth pentru a asculta muzic\u0103 sau c\u0103r\u021bi audio, precum \u0219i pentru a efectua apeluri, ceea ce este posibil datorit\u0103 microfonului \u00eencorporat. Carcasa portabila cu functie de incarcare asigura ca castile vor fi mereu incarcate, iar datorita designului compact, le puteti duce oriunde si le puteti depozita in siguranta. Specifica\u021bie: <\/span><\/p>\n<p class=\"tw-data-text tw-text-large tw-ta\" dir=\"ltr\" data-placeholder=\"Translation\" aria-label=\"Translated text\" data-ved=\"2ahUKEwjmtMXWkr-HAxUhQ_EDHYcCLHEQ3ewLegQIBxAU\"><span class=\"Y2IQFc\" lang=\"ro\">Versiunea Bluetooth: 5.3; Chip: JL AC6973D4<\/span><\/p>\n<p class=\"tw-data-text tw-text-large tw-ta\" dir=\"ltr\" data-placeholder=\"Translation\" aria-label=\"Translated text\" data-ved=\"2ahUKEwjmtMXWkr-HAxUhQ_EDHYcCLHEQ3ewLegQIBxAU\"><span class=\"Y2IQFc\" lang=\"ro\">Capacitate baterie: 320 mAh (carcasa de incarcare); 40 mAh (c\u0103\u0219ti) <\/span><\/p>\n<p class=\"tw-data-text tw-text-large tw-ta\" dir=\"ltr\" data-placeholder=\"Translation\" aria-label=\"Translated text\" data-ved=\"2ahUKEwjmtMXWkr-HAxUhQ_EDHYcCLHEQ3ewLegQIBxAU\"><span class=\"Y2IQFc\" lang=\"ro\">Timp de convorbire\/muzic\u0103: 7 h <\/span><\/p>\n<p class=\"tw-data-text tw-text-large tw-ta\" dir=\"ltr\" data-placeholder=\"Translation\" aria-label=\"Translated text\" data-ved=\"2ahUKEwjmtMXWkr-HAxUhQ_EDHYcCLHEQ3ewLegQIBxAU\"><span class=\"Y2IQFc\" lang=\"ro\">Timp de a\u0219teptare: 180 h<\/span><\/p>\n<p class=\"tw-data-text tw-text-large tw-ta\" dir=\"ltr\" data-placeholder=\"Translation\" aria-label=\"Translated text\" data-ved=\"2ahUKEwjmtMXWkr-HAxUhQ_EDHYcCLHEQ3ewLegQIBxAU\"><span class=\"Y2IQFc\" lang=\"ro\">Dimensiuni: 62 \u00d7 53 \u00d7 28,5 mm<\/span><\/p>\n<p class=\"tw-data-text tw-text-large tw-ta\" dir=\"ltr\" data-placeholder=\"Translation\" aria-label=\"Translated text\" data-ved=\"2ahUKEwjmtMXWkr-HAxUhQ_EDHYcCLHEQ3ewLegQIBxAU\"><span class=\"Y2IQFc\" lang=\"ro\">Greutate totala: 47 g<\/span><\/p>\n","protected":false},"excerpt":{"rendered":"<p>Nu r\u0103m\u00e2ne f\u0103r\u0103 muzica ta preferat\u0103 datorit\u0103 c\u0103\u0219tilor f\u0103r\u0103 fir TWS EQ6 de la Hoco. C\u0103\u0219tile TWS la \u00eendem\u00e2n\u0103 \u0219i confortabile se potrivesc bine \u00een urechi, astfel \u00eenc\u00e2t nu ve\u021bi sim\u021bi niciun disconfort chiar \u0219i dup\u0103 multe ore de utilizare. Utiliza\u021bi Bluetooth pentru a asculta muzic\u0103 sau c\u0103r\u021bi audio, precum \u0219i pentru a efectua apeluri, ceea ce este posibil datorit\u0103 microfonului \u00eencorporat. Carcasa portabila cu functie de incarcare asigura ca castile vor fi mereu incarcate, iar datorita designului compact, le puteti duce oriunde si le puteti depozita in siguranta. Specifica\u021bie: Versiunea Bluetooth: 5.3; Chip: JL AC6973D4 Capacitate baterie: 320 mAh (carcasa de incarcare); 40 mAh (c\u0103\u0219ti) Timp de convorbire\/muzic\u0103: 7 h Timp de a\u0219teptare: 180 h Dimensiuni: 62 \u00d7 53 \u00d7 28,5 mm Greutate totala: 47 g<\/p>\n","protected":false},"featured_media":21874,"comment_status":"closed","ping_status":"open","template":"","meta":[],"product_brand":[],"product_cat":[230,233],"product_tag":[],"class_list":{"0":"post-21872","1":"product","2":"type-product","3":"status-publish","4":"has-post-thumbnail","6":"product_cat-casca-audio","7":"product_cat-casca-bluetooth","9":"first","10":"outofstock","11":"shipping-taxable","12":"product-type-simple"},"_links":{"self":[{"href":"https:\/\/bafo.ro\/v22\/wp-json\/wp\/v2\/product\/21872","targetHints":{"allow":["GET"]}}],"collection":[{"href":"https:\/\/bafo.ro\/v22\/wp-json\/wp\/v2\/product"}],"about":[{"href":"https:\/\/bafo.ro\/v22\/wp-json\/wp\/v2\/types\/product"}],"replies":[{"embeddable":true,"href":"https:\/\/bafo.ro\/v22\/wp-json\/wp\/v2\/comments?post=21872"}],"version-history":[{"count":1,"href":"https:\/\/bafo.ro\/v22\/wp-json\/wp\/v2\/product\/21872\/revisions"}],"predecessor-version":[{"id":21873,"href":"https:\/\/bafo.ro\/v22\/wp-json\/wp\/v2\/product\/21872\/revisions\/21873"}],"wp:featuredmedia":[{"embeddable":true,"href":"https:\/\/bafo.ro\/v22\/wp-json\/wp\/v2\/media\/21874"}],"wp:attachment":[{"href":"https:\/\/bafo.ro\/v22\/wp-json\/wp\/v2\/media?parent=21872"}],"wp:term":[{"taxonomy":"product_brand","embeddable":true,"href":"https:\/\/bafo.ro\/v22\/wp-json\/wp\/v2\/product_brand?post=21872"},{"taxonomy":"product_cat","embeddable":true,"href":"https:\/\/bafo.ro\/v22\/wp-json\/wp\/v2\/product_cat?post=21872"},{"taxonomy":"product_tag","embeddable":true,"href":"https:\/\/bafo.ro\/v22\/wp-json\/wp\/v2\/product_tag?post=21872"}],"curies":[{"name":"wp","href":"https:\/\/api.w.org\/{rel}","templated":true}]}}