{"id":20876,"date":"2024-05-15T10:22:59","date_gmt":"2024-05-15T10:22:59","guid":{"rendered":"https:\/\/bafo.ro\/v22\/product\/adaptor-auto-veger-cc316-2a-2xusb-17w-3-4a-negru\/"},"modified":"2025-03-31T17:31:29","modified_gmt":"2025-03-31T17:31:29","slug":"adaptor-auto-veger-cc316-2a-2xusb-17w-3-4a-negru","status":"publish","type":"product","link":"https:\/\/bafo.ro\/v22\/product\/adaptor-auto-veger-cc316-2a-2xusb-17w-3-4a-negru\/","title":{"rendered":"ADAPTOR AUTO VEGER CC316-2A 2XUSB 17W 3.4A negru"},"content":{"rendered":"<p id=\"tw-target-text\" class=\"tw-data-text tw-text-large tw-ta\" dir=\"ltr\" data-placeholder=\"Translation\" aria-label=\"Translated text\" data-ved=\"2ahUKEwj1yOevto-GAxUDSfEDHZb9CLIQ3ewLegQIBRAU\"><span class=\"Y2IQFc\" lang=\"ro\">\u00cenc\u0103rc\u0103tor auto Veger cu func\u021bie de \u00eenc\u0103rcare rapid\u0103. Echipat cu un port USB dublu pentru \u00eenc\u0103rcarea mai multor dispozitive. Portul USB dublu v\u0103 permite s\u0103 conecta\u021bi dou\u0103 cabluri \u00een acela\u0219i timp, adic\u0103 s\u0103 \u00eenc\u0103rca\u021bi p\u00e2n\u0103 la dou\u0103 dispozitive \u00een acela\u0219i timp. Protec\u021bia \u00een mai multe etape protejeaz\u0103 produsul \u0219i dispozitivul \u00eenc\u0103rcat \u00eempotriva scurtcircuitelor, supratensiunii \u0219i supra\u00eenc\u0103lzirii. \u00cenc\u0103rc\u0103torul se potrive\u0219te celor mai populare dispozitive disponibile pe pia\u021b\u0103, precum Apple iPhone, Huawei, Samsung, Xiaomi, Vivo, Oppo. <\/span><\/p>\n<p class=\"tw-data-text tw-text-large tw-ta\" dir=\"ltr\" data-placeholder=\"Translation\" aria-label=\"Translated text\" data-ved=\"2ahUKEwj1yOevto-GAxUDSfEDHZb9CLIQ3ewLegQIBRAU\"><em><span class=\"Y2IQFc\" lang=\"ro\">Specifica\u021bie: <\/span><\/em><\/p>\n<p class=\"tw-data-text tw-text-large tw-ta\" dir=\"ltr\" data-placeholder=\"Translation\" aria-label=\"Translated text\" data-ved=\"2ahUKEwj1yOevto-GAxUDSfEDHZb9CLIQ3ewLegQIBRAU\"><span class=\"Y2IQFc\" lang=\"ro\">Material: PC ignifug, finisaj din fibr\u0103 de carbon<\/span><\/p>\n<p class=\"tw-data-text tw-text-large tw-ta\" dir=\"ltr\" data-placeholder=\"Translation\" aria-label=\"Translated text\" data-ved=\"2ahUKEwj1yOevto-GAxUDSfEDHZb9CLIQ3ewLegQIBRAU\"><span class=\"Y2IQFc\" lang=\"ro\">Intrare: 12-24V<\/span><\/p>\n<p class=\"tw-data-text tw-text-large tw-ta\" dir=\"ltr\" data-placeholder=\"Translation\" aria-label=\"Translated text\" data-ved=\"2ahUKEwj1yOevto-GAxUDSfEDHZb9CLIQ3ewLegQIBRAU\"><span class=\"Y2IQFc\" lang=\"ro\">Ie\u0219ire: 1,5 V\/3,4 A <\/span><\/p>\n<p class=\"tw-data-text tw-text-large tw-ta\" dir=\"ltr\" data-placeholder=\"Translation\" aria-label=\"Translated text\" data-ved=\"2ahUKEwj1yOevto-GAxUDSfEDHZb9CLIQ3ewLegQIBRAU\"><span class=\"Y2IQFc\" lang=\"ro\">Putere totala: 17W <\/span><\/p>\n<p class=\"tw-data-text tw-text-large tw-ta\" dir=\"ltr\" data-placeholder=\"Translation\" aria-label=\"Translated text\" data-ved=\"2ahUKEwj1yOevto-GAxUDSfEDHZb9CLIQ3ewLegQIBRAU\"><span class=\"Y2IQFc\" lang=\"ro\">Porturi: 2x USB -A<\/span><\/p>\n<p class=\"tw-data-text tw-text-large tw-ta\" dir=\"ltr\" data-placeholder=\"Translation\" aria-label=\"Translated text\" data-ved=\"2ahUKEwj1yOevto-GAxUDSfEDHZb9CLIQ3ewLegQIBRAU\"><span class=\"Y2IQFc\" lang=\"ro\">Cablu: niciunul <\/span><\/p>\n<p class=\"tw-data-text tw-text-large tw-ta\" dir=\"ltr\" data-placeholder=\"Translation\" aria-label=\"Translated text\" data-ved=\"2ahUKEwj1yOevto-GAxUDSfEDHZb9CLIQ3ewLegQIBRAU\"><span class=\"Y2IQFc\" lang=\"ro\">Utiliza\u021bi pentru: Toate iPhone-urile, iPad-urile, Huawei, Samsung, Nintendo Switch, Xiaomi, Vivo, Oppo etc.<\/span><\/p>\n","protected":false},"excerpt":{"rendered":"<p>\u00cenc\u0103rc\u0103tor auto Veger cu func\u021bie de \u00eenc\u0103rcare rapid\u0103. Echipat cu un port USB dublu pentru \u00eenc\u0103rcarea mai multor dispozitive. Portul USB dublu v\u0103 permite s\u0103 conecta\u021bi dou\u0103 cabluri \u00een acela\u0219i timp, adic\u0103 s\u0103 \u00eenc\u0103rca\u021bi p\u00e2n\u0103 la dou\u0103 dispozitive \u00een acela\u0219i timp. Protec\u021bia \u00een mai multe etape protejeaz\u0103 produsul \u0219i dispozitivul \u00eenc\u0103rcat \u00eempotriva scurtcircuitelor, supratensiunii \u0219i supra\u00eenc\u0103lzirii. \u00cenc\u0103rc\u0103torul se potrive\u0219te celor mai populare dispozitive disponibile pe pia\u021b\u0103, precum Apple iPhone, Huawei, Samsung, Xiaomi, Vivo, Oppo. Specifica\u021bie: Material: PC ignifug, finisaj din fibr\u0103 de carbon Intrare: 12-24V Ie\u0219ire: 1,5 V\/3,4 A Putere totala: 17W Porturi: 2x USB -A Cablu: niciunul Utiliza\u021bi pentru: Toate iPhone-urile, iPad-urile, Huawei, Samsung, Nintendo Switch, Xiaomi, Vivo, Oppo etc.<\/p>\n","protected":false},"featured_media":20878,"comment_status":"closed","ping_status":"open","template":"","meta":[],"product_brand":[],"product_cat":[90,131,105],"product_tag":[],"class_list":{"0":"post-20876","1":"product","2":"type-product","3":"status-publish","4":"has-post-thumbnail","6":"product_cat-accesorii-auto","7":"product_cat-adaptor-auto","8":"product_cat-incarcator-auto","10":"first","11":"instock","12":"shipping-taxable","13":"product-type-simple"},"_links":{"self":[{"href":"https:\/\/bafo.ro\/v22\/wp-json\/wp\/v2\/product\/20876","targetHints":{"allow":["GET"]}}],"collection":[{"href":"https:\/\/bafo.ro\/v22\/wp-json\/wp\/v2\/product"}],"about":[{"href":"https:\/\/bafo.ro\/v22\/wp-json\/wp\/v2\/types\/product"}],"replies":[{"embeddable":true,"href":"https:\/\/bafo.ro\/v22\/wp-json\/wp\/v2\/comments?post=20876"}],"version-history":[{"count":1,"href":"https:\/\/bafo.ro\/v22\/wp-json\/wp\/v2\/product\/20876\/revisions"}],"predecessor-version":[{"id":20877,"href":"https:\/\/bafo.ro\/v22\/wp-json\/wp\/v2\/product\/20876\/revisions\/20877"}],"wp:featuredmedia":[{"embeddable":true,"href":"https:\/\/bafo.ro\/v22\/wp-json\/wp\/v2\/media\/20878"}],"wp:attachment":[{"href":"https:\/\/bafo.ro\/v22\/wp-json\/wp\/v2\/media?parent=20876"}],"wp:term":[{"taxonomy":"product_brand","embeddable":true,"href":"https:\/\/bafo.ro\/v22\/wp-json\/wp\/v2\/product_brand?post=20876"},{"taxonomy":"product_cat","embeddable":true,"href":"https:\/\/bafo.ro\/v22\/wp-json\/wp\/v2\/product_cat?post=20876"},{"taxonomy":"product_tag","embeddable":true,"href":"https:\/\/bafo.ro\/v22\/wp-json\/wp\/v2\/product_tag?post=20876"}],"curies":[{"name":"wp","href":"https:\/\/api.w.org\/{rel}","templated":true}]}}