{"id":18002,"date":"2023-10-20T07:37:38","date_gmt":"2023-10-20T07:37:38","guid":{"rendered":"https:\/\/bafo.ro\/v22\/product\/suport-auto-xo-c112-negru\/"},"modified":"2025-03-31T17:19:07","modified_gmt":"2025-03-31T17:19:07","slug":"suport-auto-xo-c112-negru","status":"publish","type":"product","link":"https:\/\/bafo.ro\/v22\/product\/suport-auto-xo-c112-negru\/","title":{"rendered":"SUPORT AUTO XO C112 negru"},"content":{"rendered":"<p class=\"tw-data-text tw-text-large tw-ta\" dir=\"ltr\" data-placeholder=\"Translation\" data-ved=\"2ahUKEwi8gI6z2YGCAxVqZ_EDHXgwB4oQ3ewLegQIBhAQ\"><span class=\"Y2IQFc\" lang=\"ro\">Suport auto XO C112 negru &#8211; este un suport auto in varianta pentru aerisire. Permite plasarea comod\u0103 a dispozitivului \u00een vederea \u0219i m\u00e2inile \u0219oferului. Comoditatea \u00een utilizare v\u0103 permite s\u0103 pune\u021bi rapid telefonul jos \u0219i s\u0103-l scoate\u021bi cu o singur\u0103 m\u00e2n\u0103.<\/span><\/p>\n","protected":false},"excerpt":{"rendered":"<p>Suport auto XO C112 negru &#8211; este un suport auto in varianta pentru aerisire. Permite plasarea comod\u0103 a dispozitivului \u00een vederea \u0219i m\u00e2inile \u0219oferului. Comoditatea \u00een utilizare v\u0103 permite s\u0103 pune\u021bi rapid telefonul jos \u0219i s\u0103-l scoate\u021bi cu o singur\u0103 m\u00e2n\u0103.<\/p>\n","protected":false},"featured_media":18003,"comment_status":"open","ping_status":"open","template":"","meta":[],"product_brand":[],"product_cat":[90,91],"product_tag":[],"class_list":{"0":"post-18002","1":"product","2":"type-product","3":"status-publish","4":"has-post-thumbnail","6":"product_cat-accesorii-auto","7":"product_cat-suport-auto","9":"first","10":"instock","11":"shipping-taxable","12":"product-type-simple"},"_links":{"self":[{"href":"https:\/\/bafo.ro\/v22\/wp-json\/wp\/v2\/product\/18002","targetHints":{"allow":["GET"]}}],"collection":[{"href":"https:\/\/bafo.ro\/v22\/wp-json\/wp\/v2\/product"}],"about":[{"href":"https:\/\/bafo.ro\/v22\/wp-json\/wp\/v2\/types\/product"}],"replies":[{"embeddable":true,"href":"https:\/\/bafo.ro\/v22\/wp-json\/wp\/v2\/comments?post=18002"}],"version-history":[{"count":0,"href":"https:\/\/bafo.ro\/v22\/wp-json\/wp\/v2\/product\/18002\/revisions"}],"wp:featuredmedia":[{"embeddable":true,"href":"https:\/\/bafo.ro\/v22\/wp-json\/wp\/v2\/media\/18003"}],"wp:attachment":[{"href":"https:\/\/bafo.ro\/v22\/wp-json\/wp\/v2\/media?parent=18002"}],"wp:term":[{"taxonomy":"product_brand","embeddable":true,"href":"https:\/\/bafo.ro\/v22\/wp-json\/wp\/v2\/product_brand?post=18002"},{"taxonomy":"product_cat","embeddable":true,"href":"https:\/\/bafo.ro\/v22\/wp-json\/wp\/v2\/product_cat?post=18002"},{"taxonomy":"product_tag","embeddable":true,"href":"https:\/\/bafo.ro\/v22\/wp-json\/wp\/v2\/product_tag?post=18002"}],"curies":[{"name":"wp","href":"https:\/\/api.w.org\/{rel}","templated":true}]}}