{"id":17067,"date":"2023-08-31T13:34:18","date_gmt":"2023-08-31T13:34:18","guid":{"rendered":"https:\/\/bafo.ro\/v22\/product\/casca-bluetooth-hoco-tws-ew17-rosu\/"},"modified":"2025-03-31T17:14:48","modified_gmt":"2025-03-31T17:14:48","slug":"casca-bluetooth-hoco-tws-ew17-rosu","status":"publish","type":"product","link":"https:\/\/bafo.ro\/v22\/product\/casca-bluetooth-hoco-tws-ew17-rosu\/","title":{"rendered":"CASCA BLUETOOTH HOCO TWS EW17 rosu"},"content":{"rendered":"<p id=\"tw-target-text\" class=\"tw-data-text tw-text-large tw-ta\" dir=\"ltr\" data-placeholder=\"Translation\"><span class=\"Y2IQFc\" lang=\"ro\">R\u0103m\u00e2i la curent cu muzica ta preferat\u0103 cu c\u0103\u0219tile TWS EW17 de la Hoco. C\u0103\u0219tile TWS la \u00eendem\u00e2n\u0103 \u0219i confortabile se potrivesc bine urechilor dvs., astfel \u00eenc\u00e2t nu ve\u021bi sim\u021bi niciun disconfort chiar \u0219i dup\u0103 multe ore de utilizare. Conectivitatea Bluetooth permite ascultarea muzicii sau a c\u0103r\u021bilor audio, precum \u0219i efectuarea de apeluri, datorit\u0103 microfonului \u00eencorporat. <\/span><\/p>\n<p class=\"tw-data-text tw-text-large tw-ta\" dir=\"ltr\" data-placeholder=\"Translation\"><span class=\"Y2IQFc\" lang=\"ro\">Carcasa portabil\u0103 cu func\u021bie de \u00eenc\u0103rcare: c\u0103\u0219tile vor fi mereu \u00eenc\u0103rcate, iar designul compact \u00ee\u021bi permite s\u0103 le iei oriunde \u00een timp ce le depozitezi \u00een siguran\u021b\u0103. <\/span><\/p>\n<p class=\"tw-data-text tw-text-large tw-ta\" dir=\"ltr\" data-placeholder=\"Translation\"><em><span class=\"Y2IQFc\" lang=\"ro\">Specifica\u021bie: <\/span><\/em><\/p>\n<p class=\"tw-data-text tw-text-large tw-ta\" dir=\"ltr\" data-placeholder=\"Translation\"><span class=\"Y2IQFc\" lang=\"ro\">Versiunea Bluetooth: 5.3 JLAC AC6973<\/span><\/p>\n<p class=\"tw-data-text tw-text-large tw-ta\" dir=\"ltr\" data-placeholder=\"Translation\"><span class=\"Y2IQFc\" lang=\"ro\">Capacitate baterie: 350 mAh (carcasa de incarcare); 30 mAh (c\u0103\u0219ti) <\/span><\/p>\n<p class=\"tw-data-text tw-text-large tw-ta\" dir=\"ltr\" data-placeholder=\"Translation\"><span class=\"Y2IQFc\" lang=\"ro\">Timp de convorbire\/muzic\u0103: 4h <\/span><\/p>\n<p class=\"tw-data-text tw-text-large tw-ta\" dir=\"ltr\" data-placeholder=\"Translation\"><span class=\"Y2IQFc\" lang=\"ro\">Timp de a\u0219teptare: 180h<\/span><\/p>\n<p class=\"tw-data-text tw-text-large tw-ta\" dir=\"ltr\" data-placeholder=\"Translation\"><span class=\"Y2IQFc\" lang=\"ro\">Greutate totala: 38 g<\/span><\/p>\n","protected":false},"excerpt":{"rendered":"<p>R\u0103m\u00e2i la curent cu muzica ta preferat\u0103 cu c\u0103\u0219tile TWS EW17 de la Hoco. C\u0103\u0219tile TWS la \u00eendem\u00e2n\u0103 \u0219i confortabile se potrivesc bine urechilor dvs., astfel \u00eenc\u00e2t nu ve\u021bi sim\u021bi niciun disconfort chiar \u0219i dup\u0103 multe ore de utilizare. Conectivitatea Bluetooth permite ascultarea muzicii sau a c\u0103r\u021bilor audio, precum \u0219i efectuarea de apeluri, datorit\u0103 microfonului \u00eencorporat. Carcasa portabil\u0103 cu func\u021bie de \u00eenc\u0103rcare: c\u0103\u0219tile vor fi mereu \u00eenc\u0103rcate, iar designul compact \u00ee\u021bi permite s\u0103 le iei oriunde \u00een timp ce le depozitezi \u00een siguran\u021b\u0103. Specifica\u021bie: Versiunea Bluetooth: 5.3 JLAC AC6973 Capacitate baterie: 350 mAh (carcasa de incarcare); 30 mAh (c\u0103\u0219ti) Timp de convorbire\/muzic\u0103: 4h Timp de a\u0219teptare: 180h Greutate totala: 38 g<\/p>\n","protected":false},"featured_media":17068,"comment_status":"open","ping_status":"open","template":"","meta":[],"product_brand":[],"product_cat":[230,233],"product_tag":[],"class_list":{"0":"post-17067","1":"product","2":"type-product","3":"status-publish","4":"has-post-thumbnail","6":"product_cat-casca-audio","7":"product_cat-casca-bluetooth","9":"first","10":"instock","11":"shipping-taxable","12":"product-type-simple"},"_links":{"self":[{"href":"https:\/\/bafo.ro\/v22\/wp-json\/wp\/v2\/product\/17067","targetHints":{"allow":["GET"]}}],"collection":[{"href":"https:\/\/bafo.ro\/v22\/wp-json\/wp\/v2\/product"}],"about":[{"href":"https:\/\/bafo.ro\/v22\/wp-json\/wp\/v2\/types\/product"}],"replies":[{"embeddable":true,"href":"https:\/\/bafo.ro\/v22\/wp-json\/wp\/v2\/comments?post=17067"}],"version-history":[{"count":0,"href":"https:\/\/bafo.ro\/v22\/wp-json\/wp\/v2\/product\/17067\/revisions"}],"wp:featuredmedia":[{"embeddable":true,"href":"https:\/\/bafo.ro\/v22\/wp-json\/wp\/v2\/media\/17068"}],"wp:attachment":[{"href":"https:\/\/bafo.ro\/v22\/wp-json\/wp\/v2\/media?parent=17067"}],"wp:term":[{"taxonomy":"product_brand","embeddable":true,"href":"https:\/\/bafo.ro\/v22\/wp-json\/wp\/v2\/product_brand?post=17067"},{"taxonomy":"product_cat","embeddable":true,"href":"https:\/\/bafo.ro\/v22\/wp-json\/wp\/v2\/product_cat?post=17067"},{"taxonomy":"product_tag","embeddable":true,"href":"https:\/\/bafo.ro\/v22\/wp-json\/wp\/v2\/product_tag?post=17067"}],"curies":[{"name":"wp","href":"https:\/\/api.w.org\/{rel}","templated":true}]}}