{"id":16774,"date":"2023-08-09T12:40:14","date_gmt":"2023-08-09T12:40:14","guid":{"rendered":"https:\/\/bafo.ro\/v22\/product\/difuzor-portabil-hoco-hc11-albastru\/"},"modified":"2025-03-31T17:13:24","modified_gmt":"2025-03-31T17:13:24","slug":"difuzor-portabil-hoco-hc11-albastru","status":"publish","type":"product","link":"https:\/\/bafo.ro\/v22\/product\/difuzor-portabil-hoco-hc11-albastru\/","title":{"rendered":"DIFUZOR PORTABIL HOCO HC11 albastru"},"content":{"rendered":"<div id=\"KnM9nf\">\n<div id=\"tw-smenu\" class=\"tw-menu\"><\/div>\n<p>&nbsp;<\/p>\n<div id=\"tw-target-text-container\" class=\"tw-ta-container F0azHf tw-nfl\">\n<p id=\"tw-target-text\" class=\"tw-data-text tw-text-large tw-ta\" dir=\"ltr\" data-placeholder=\"Translation\"><span class=\"Y2IQFc\" lang=\"ro\">Difuzor portabil wireless. V\u0103 permite s\u0103 conecta\u021bi un smartphone \u0219i orice dispozitiv audio echipat cu func\u021bie Bluetooth. Are lanterna incorporata. Ascult\u0103 muzic\u0103 oriunde te-ai afla! Tot ce ave\u021bi nevoie este un difuzor portabil \u0219i orice dispozitiv audio cu tehnologie Bluetooth. O baterie \u00eenc\u0103p\u0103toare (1200 mAh) v\u0103 permite s\u0103 reda\u021bi muzic\u0103 timp \u00eendelungat, cu o durat\u0103 de p\u00e2n\u0103 la c\u00e2teva ore. Dimensiunea compact\u0103 face difuzorul u\u0219or de transportat. Are lanterna incorporata si curea. <\/span><\/p>\n<p class=\"tw-data-text tw-text-large tw-ta\" dir=\"ltr\" data-placeholder=\"Translation\"><span class=\"Y2IQFc\" lang=\"ro\"><strong><em>Specifica\u021bie:<\/em> <\/strong><\/span><\/p>\n<p class=\"tw-data-text tw-text-large tw-ta\" dir=\"ltr\" data-placeholder=\"Translation\"><span class=\"Y2IQFc\" lang=\"ro\">Versiunea Bluetooth: cip 5.0: JL AC6925F Capacitate: 1200 mAh Timp de \u00eenc\u0103rcare: 2 h Timp de lucru: 2 h Difuzor: 2 \u00d7 45 mm Putere: 2 \u00d7 5 W Dimensiuni: 181 \u00d7 65 \u00d7 65 mm Greutate: 418 g Suport: Bluetooth, FM, card TF, stick USB, AUX \u0219i multe altele<\/span><\/p>\n<\/div>\n<\/div>\n","protected":false},"excerpt":{"rendered":"<p>&nbsp; Difuzor portabil wireless. V\u0103 permite s\u0103 conecta\u021bi un smartphone \u0219i orice dispozitiv audio echipat cu func\u021bie Bluetooth. Are lanterna incorporata. Ascult\u0103 muzic\u0103 oriunde te-ai afla! Tot ce ave\u021bi nevoie este un difuzor portabil \u0219i orice dispozitiv audio cu tehnologie Bluetooth. O baterie \u00eenc\u0103p\u0103toare (1200 mAh) v\u0103 permite s\u0103 reda\u021bi muzic\u0103 timp \u00eendelungat, cu o durat\u0103 de p\u00e2n\u0103 la c\u00e2teva ore. Dimensiunea compact\u0103 face difuzorul u\u0219or de transportat. Are lanterna incorporata si curea. Specifica\u021bie: Versiunea Bluetooth: cip 5.0: JL AC6925F Capacitate: 1200 mAh Timp de \u00eenc\u0103rcare: 2 h Timp de lucru: 2 h Difuzor: 2 \u00d7 45 mm Putere: 2 \u00d7 5 W Dimensiuni: 181 \u00d7 65 \u00d7 65 mm Greutate: 418 g Suport: Bluetooth, FM, card TF, stick USB, AUX \u0219i multe altele<\/p>\n","protected":false},"featured_media":16775,"comment_status":"open","ping_status":"open","template":"","meta":[],"product_brand":[],"product_cat":[286,462],"product_tag":[],"class_list":{"0":"post-16774","1":"product","2":"type-product","3":"status-publish","4":"has-post-thumbnail","6":"product_cat-boxe","7":"product_cat-boxe-portabile","9":"first","10":"outofstock","11":"shipping-taxable","12":"product-type-simple"},"_links":{"self":[{"href":"https:\/\/bafo.ro\/v22\/wp-json\/wp\/v2\/product\/16774","targetHints":{"allow":["GET"]}}],"collection":[{"href":"https:\/\/bafo.ro\/v22\/wp-json\/wp\/v2\/product"}],"about":[{"href":"https:\/\/bafo.ro\/v22\/wp-json\/wp\/v2\/types\/product"}],"replies":[{"embeddable":true,"href":"https:\/\/bafo.ro\/v22\/wp-json\/wp\/v2\/comments?post=16774"}],"version-history":[{"count":0,"href":"https:\/\/bafo.ro\/v22\/wp-json\/wp\/v2\/product\/16774\/revisions"}],"wp:featuredmedia":[{"embeddable":true,"href":"https:\/\/bafo.ro\/v22\/wp-json\/wp\/v2\/media\/16775"}],"wp:attachment":[{"href":"https:\/\/bafo.ro\/v22\/wp-json\/wp\/v2\/media?parent=16774"}],"wp:term":[{"taxonomy":"product_brand","embeddable":true,"href":"https:\/\/bafo.ro\/v22\/wp-json\/wp\/v2\/product_brand?post=16774"},{"taxonomy":"product_cat","embeddable":true,"href":"https:\/\/bafo.ro\/v22\/wp-json\/wp\/v2\/product_cat?post=16774"},{"taxonomy":"product_tag","embeddable":true,"href":"https:\/\/bafo.ro\/v22\/wp-json\/wp\/v2\/product_tag?post=16774"}],"curies":[{"name":"wp","href":"https:\/\/api.w.org\/{rel}","templated":true}]}}