{"id":14745,"date":"2023-01-20T10:46:29","date_gmt":"2023-01-20T10:46:29","guid":{"rendered":"https:\/\/bafo.ro\/v22\/product\/adaptor-auto-jellico-f1-3-1a-2xusb-negru\/"},"modified":"2025-03-31T17:05:10","modified_gmt":"2025-03-31T17:05:10","slug":"adaptor-auto-jellico-f1-3-1a-2xusb-negru","status":"publish","type":"product","link":"https:\/\/bafo.ro\/v22\/product\/adaptor-auto-jellico-f1-3-1a-2xusb-negru\/","title":{"rendered":"ADAPTOR AUTO JELLICO F1 3.1A 2XUSB negru"},"content":{"rendered":"<p id=\"tw-target-text\" class=\"tw-data-text tw-text-large tw-ta\" dir=\"ltr\" data-placeholder=\"Translation\"><span class=\"Y2IQFc\" lang=\"ro\">Compatibilitate: telefon mobil, tablet\u0103, camer\u0103 digital\u0103 etc <\/span><\/p>\n<p class=\"tw-data-text tw-text-large tw-ta\" dir=\"ltr\" data-placeholder=\"Translation\"><span class=\"Y2IQFc\" lang=\"ro\"><em>Caracteristici<\/em>: <\/span><\/p>\n<p class=\"tw-data-text tw-text-large tw-ta\" dir=\"ltr\" data-placeholder=\"Translation\"><span class=\"Y2IQFc\" lang=\"ro\">Ie\u0219ire inteligent\u0103 a convertorului<\/span><\/p>\n<p class=\"tw-data-text tw-text-large tw-ta\" dir=\"ltr\" data-placeholder=\"Translation\"><span class=\"Y2IQFc\" lang=\"ro\">Versiune: Universal<\/span><\/p>\n<p class=\"tw-data-text tw-text-large tw-ta\" dir=\"ltr\" data-placeholder=\"Translation\"><span class=\"Y2IQFc\" lang=\"ro\">Ie\u0219ire total\u0103: 5V3.1A <\/span><\/p>\n<p class=\"tw-data-text tw-text-large tw-ta\" dir=\"ltr\" data-placeholder=\"Translation\"><span class=\"Y2IQFc\" lang=\"ro\">Cantitate porturi USB: Port dublu Material carcasa: ABS+PC <\/span><\/p>\n<p class=\"tw-data-text tw-text-large tw-ta\" dir=\"ltr\" data-placeholder=\"Translation\"><span class=\"Y2IQFc\" lang=\"ro\">1. Material ignifug PC\/ABS<\/span><\/p>\n<p class=\"tw-data-text tw-text-large tw-ta\" dir=\"ltr\" data-placeholder=\"Translation\"><span class=\"Y2IQFc\" lang=\"ro\">2. Ie\u0219ire shunt inteligent 3.4A, potrivit\u0103 \u00een func\u021bie de nevoile telefonului mobil <\/span><\/p>\n<p class=\"tw-data-text tw-text-large tw-ta\" dir=\"ltr\" data-placeholder=\"Translation\"><span class=\"Y2IQFc\" lang=\"ro\">3. Cip inteligent, protec\u021bie compus\u0103 cu 7 ori<\/span><\/p>\n","protected":false},"excerpt":{"rendered":"<p>Compatibilitate: telefon mobil, tablet\u0103, camer\u0103 digital\u0103 etc Caracteristici: Ie\u0219ire inteligent\u0103 a convertorului Versiune: Universal Ie\u0219ire total\u0103: 5V3.1A Cantitate porturi USB: Port dublu Material carcasa: ABS+PC 1. Material ignifug PC\/ABS 2. Ie\u0219ire shunt inteligent 3.4A, potrivit\u0103 \u00een func\u021bie de nevoile telefonului mobil 3. Cip inteligent, protec\u021bie compus\u0103 cu 7 ori<\/p>\n","protected":false},"featured_media":14746,"comment_status":"open","ping_status":"open","template":"","meta":[],"product_brand":[],"product_cat":[90,131,105],"product_tag":[],"class_list":{"0":"post-14745","1":"product","2":"type-product","3":"status-publish","4":"has-post-thumbnail","6":"product_cat-accesorii-auto","7":"product_cat-adaptor-auto","8":"product_cat-incarcator-auto","10":"first","11":"outofstock","12":"shipping-taxable","13":"product-type-simple"},"_links":{"self":[{"href":"https:\/\/bafo.ro\/v22\/wp-json\/wp\/v2\/product\/14745","targetHints":{"allow":["GET"]}}],"collection":[{"href":"https:\/\/bafo.ro\/v22\/wp-json\/wp\/v2\/product"}],"about":[{"href":"https:\/\/bafo.ro\/v22\/wp-json\/wp\/v2\/types\/product"}],"replies":[{"embeddable":true,"href":"https:\/\/bafo.ro\/v22\/wp-json\/wp\/v2\/comments?post=14745"}],"version-history":[{"count":0,"href":"https:\/\/bafo.ro\/v22\/wp-json\/wp\/v2\/product\/14745\/revisions"}],"wp:featuredmedia":[{"embeddable":true,"href":"https:\/\/bafo.ro\/v22\/wp-json\/wp\/v2\/media\/14746"}],"wp:attachment":[{"href":"https:\/\/bafo.ro\/v22\/wp-json\/wp\/v2\/media?parent=14745"}],"wp:term":[{"taxonomy":"product_brand","embeddable":true,"href":"https:\/\/bafo.ro\/v22\/wp-json\/wp\/v2\/product_brand?post=14745"},{"taxonomy":"product_cat","embeddable":true,"href":"https:\/\/bafo.ro\/v22\/wp-json\/wp\/v2\/product_cat?post=14745"},{"taxonomy":"product_tag","embeddable":true,"href":"https:\/\/bafo.ro\/v22\/wp-json\/wp\/v2\/product_tag?post=14745"}],"curies":[{"name":"wp","href":"https:\/\/api.w.org\/{rel}","templated":true}]}}