{"id":14249,"date":"2022-11-28T08:50:34","date_gmt":"2022-11-28T08:50:34","guid":{"rendered":"https:\/\/bafo.ro\/v22\/product\/suport-auto-vennus-vch08-negru\/"},"modified":"2025-03-31T17:02:44","modified_gmt":"2025-03-31T17:02:44","slug":"suport-auto-vennus-vch08-negru","status":"publish","type":"product","link":"https:\/\/bafo.ro\/v22\/product\/suport-auto-vennus-vch08-negru\/","title":{"rendered":"SUPORT AUTO VENNUS VCH08 negru"},"content":{"rendered":"<p id=\"tw-target-text\" class=\"tw-data-text tw-text-large tw-ta\" dir=\"ltr\" data-placeholder=\"Translation\"><span class=\"Y2IQFc\" lang=\"ro\"><strong><em>Descriere produs<\/em><\/strong> <\/span><\/p>\n<p id=\"tw-target-text\" class=\"tw-data-text tw-text-large tw-ta\" dir=\"ltr\" data-placeholder=\"Translation\"><span class=\"Y2IQFc\" lang=\"ro\">Seria profesional\u0103 de suporturi auto este conceput\u0103 pentru toate tipurile de dispozitive mobile (smartphone, naviga\u021bie, video recorder etc.). Produsul nostru este fabricat din materiale de cea mai \u00eenalt\u0103 calitate, datorit\u0103 c\u0103rora a devenit rezistent la \u0219ocuri \u0219i deterior\u0103ri \u00een timpul conducerii. Bra\u021bul de prindere poate fi modelat liber \u0219i setat \u00een orice unghi. Acest lucru v\u0103 permite s\u0103-i regla\u021bi pozi\u021bia \u00een cel mai convenabil loc la \u00eendem\u00e2n\u0103. M\u00e2nerele profesionale au o ata\u0219are foarte puternic\u0103 la grila de alimentare cu aer, care a fost testat\u0103 \u00een condi\u021bii extreme. Modul \u00een care este realizat permite asamblarea \u0219i dezasamblarea foarte rapid\u0103. Folosind m\u00e2nerele noastre, ave\u021bi grij\u0103 de siguran\u021ba dumneavoastr\u0103 \u0219i de siguran\u021ba pasagerilor din vehicul. M\u00e2nerele sunt ambalate \u00eentr-o cutie decorativ\u0103 de carton, perfect\u0103 pentru un cadou.<\/span><\/p>\n<p class=\"tw-data-text tw-text-large tw-ta\" dir=\"ltr\" data-placeholder=\"Translation\"><span class=\"Y2IQFc\" lang=\"ro\">\u00a0<\/span><\/p>\n","protected":false},"excerpt":{"rendered":"<p>Descriere produs Seria profesional\u0103 de suporturi auto este conceput\u0103 pentru toate tipurile de dispozitive mobile (smartphone, naviga\u021bie, video recorder etc.). Produsul nostru este fabricat din materiale de cea mai \u00eenalt\u0103 calitate, datorit\u0103 c\u0103rora a devenit rezistent la \u0219ocuri \u0219i deterior\u0103ri \u00een timpul conducerii. Bra\u021bul de prindere poate fi modelat liber \u0219i setat \u00een orice unghi. Acest lucru v\u0103 permite s\u0103-i regla\u021bi pozi\u021bia \u00een cel mai convenabil loc la \u00eendem\u00e2n\u0103. M\u00e2nerele profesionale au o ata\u0219are foarte puternic\u0103 la grila de alimentare cu aer, care a fost testat\u0103 \u00een condi\u021bii extreme. Modul \u00een care este realizat permite asamblarea \u0219i dezasamblarea foarte rapid\u0103. Folosind m\u00e2nerele noastre, ave\u021bi grij\u0103 de siguran\u021ba dumneavoastr\u0103 \u0219i de siguran\u021ba pasagerilor din vehicul. M\u00e2nerele sunt ambalate \u00eentr-o cutie decorativ\u0103 de carton, perfect\u0103 pentru un cadou. \u00a0<\/p>\n","protected":false},"featured_media":14250,"comment_status":"open","ping_status":"open","template":"","meta":[],"product_brand":[],"product_cat":[90,91],"product_tag":[],"class_list":{"0":"post-14249","1":"product","2":"type-product","3":"status-publish","4":"has-post-thumbnail","6":"product_cat-accesorii-auto","7":"product_cat-suport-auto","9":"first","10":"outofstock","11":"shipping-taxable","12":"product-type-simple"},"_links":{"self":[{"href":"https:\/\/bafo.ro\/v22\/wp-json\/wp\/v2\/product\/14249","targetHints":{"allow":["GET"]}}],"collection":[{"href":"https:\/\/bafo.ro\/v22\/wp-json\/wp\/v2\/product"}],"about":[{"href":"https:\/\/bafo.ro\/v22\/wp-json\/wp\/v2\/types\/product"}],"replies":[{"embeddable":true,"href":"https:\/\/bafo.ro\/v22\/wp-json\/wp\/v2\/comments?post=14249"}],"version-history":[{"count":0,"href":"https:\/\/bafo.ro\/v22\/wp-json\/wp\/v2\/product\/14249\/revisions"}],"wp:featuredmedia":[{"embeddable":true,"href":"https:\/\/bafo.ro\/v22\/wp-json\/wp\/v2\/media\/14250"}],"wp:attachment":[{"href":"https:\/\/bafo.ro\/v22\/wp-json\/wp\/v2\/media?parent=14249"}],"wp:term":[{"taxonomy":"product_brand","embeddable":true,"href":"https:\/\/bafo.ro\/v22\/wp-json\/wp\/v2\/product_brand?post=14249"},{"taxonomy":"product_cat","embeddable":true,"href":"https:\/\/bafo.ro\/v22\/wp-json\/wp\/v2\/product_cat?post=14249"},{"taxonomy":"product_tag","embeddable":true,"href":"https:\/\/bafo.ro\/v22\/wp-json\/wp\/v2\/product_tag?post=14249"}],"curies":[{"name":"wp","href":"https:\/\/api.w.org\/{rel}","templated":true}]}}