{"id":14214,"date":"2022-11-15T12:12:06","date_gmt":"2022-11-15T12:12:06","guid":{"rendered":"https:\/\/bafo.ro\/v22\/product\/casca-bluetooth-hoco-e54-alb\/"},"modified":"2025-03-31T17:02:40","modified_gmt":"2025-03-31T17:02:40","slug":"casca-bluetooth-hoco-e54-alb","status":"publish","type":"product","link":"https:\/\/bafo.ro\/v22\/product\/casca-bluetooth-hoco-e54-alb\/","title":{"rendered":"CASCA BLUETOOTH HOCO E54 alb"},"content":{"rendered":"<p dir=\"ltr\" data-placeholder=\"Translation\">CASCA BLUETOOTH HOCO E54 alb<\/p>\n<p id=\"tw-target-text\" class=\"tw-data-text tw-text-large tw-ta\" dir=\"ltr\" data-placeholder=\"Translation\"><span class=\"Y2IQFc\" lang=\"ro\">V\u0103 permite s\u0103 v\u0103 bucura\u021bi de muzica preferat\u0103 \u0219i s\u0103 efectua\u021bi apeluri f\u0103r\u0103 a fi nevoie de un cablu. Gama wireless v\u0103 permite s\u0103 reda\u021bi un sunet clar, de \u00eenalt\u0103 calitate, f\u0103r\u0103 a fi nevoie s\u0103 ajunge\u021bi la cablu. Dimensiunea compact\u0103 face setul u\u0219or de transportat \u0219i depozitat. Designul u\u0219or nu \u00eencarc\u0103 urechile, asigur\u00e2nd o utilizare confortabil\u0103 chiar \u0219i \u00een timpul ascult\u0103rii prelungite a muzicii. Microfonul \u00eencorporat v\u0103 permite s\u0103 vorbi\u021bi liber. Perfect pentru multe situa\u021bii \u2013 c\u00e2nd mergi cu bicicleta \u0219i \u00een ma\u0219in\u0103, \u00een drum spre cas\u0103 sau la serviciu, oric\u00e2nd ai nevoie de ambele m\u00e2ini. <em>Specifica\u021bie:<\/em><\/span><\/p>\n<p class=\"tw-data-text tw-text-large tw-ta\" dir=\"ltr\" data-placeholder=\"Translation\"><span class=\"Y2IQFc\" lang=\"ro\">Material: ABS <\/span><\/p>\n<p class=\"tw-data-text tw-text-large tw-ta\" dir=\"ltr\" data-placeholder=\"Translation\"><span class=\"Y2IQFc\" lang=\"ro\">Dimensiune: 24 \u00d7 16 \u00d7 23 mm <\/span><\/p>\n<p class=\"tw-data-text tw-text-large tw-ta\" dir=\"ltr\" data-placeholder=\"Translation\"><span class=\"Y2IQFc\" lang=\"ro\">Greutate: 3 g<\/span><\/p>\n<p class=\"tw-data-text tw-text-large tw-ta\" dir=\"ltr\" data-placeholder=\"Translation\"><span class=\"Y2IQFc\" lang=\"ro\">Versiunea Bluetooth: 5.0<\/span><\/p>\n<p class=\"tw-data-text tw-text-large tw-ta\" dir=\"ltr\" data-placeholder=\"Translation\"><span class=\"Y2IQFc\" lang=\"ro\">Capacitate baterie: 40 mAh <\/span><\/p>\n<p class=\"tw-data-text tw-text-large tw-ta\" dir=\"ltr\" data-placeholder=\"Translation\"><span class=\"Y2IQFc\" lang=\"ro\">Timp de \u00eenc\u0103rcare: 50 minute <\/span><\/p>\n<p class=\"tw-data-text tw-text-large tw-ta\" dir=\"ltr\" data-placeholder=\"Translation\"><span class=\"Y2IQFc\" lang=\"ro\">Timp de convorbire\/muzic\u0103: 4 ore <\/span><\/p>\n<p class=\"tw-data-text tw-text-large tw-ta\" dir=\"ltr\" data-placeholder=\"Translation\"><span class=\"Y2IQFc\" lang=\"ro\">Timp de a\u0219teptare: 100 de ore <\/span><\/p>\n<p class=\"tw-data-text tw-text-large tw-ta\" dir=\"ltr\" data-placeholder=\"Translation\"><span class=\"Y2IQFc\" lang=\"ro\">Difuzor: 8 mm <\/span><\/p>\n<p class=\"tw-data-text tw-text-large tw-ta\" dir=\"ltr\" data-placeholder=\"Translation\"><span class=\"Y2IQFc\" lang=\"ro\">Comutator de avertizare vocal\u0103: c\u00e2nd nu este conectat, face\u021bi dublu clic pe butonul multifunc\u021bional \u0219i ve\u021bi auzi un bip<\/span><\/p>\n","protected":false},"excerpt":{"rendered":"<p>CASCA BLUETOOTH HOCO E54 alb V\u0103 permite s\u0103 v\u0103 bucura\u021bi de muzica preferat\u0103 \u0219i s\u0103 efectua\u021bi apeluri f\u0103r\u0103 a fi nevoie de un cablu. Gama wireless v\u0103 permite s\u0103 reda\u021bi un sunet clar, de \u00eenalt\u0103 calitate, f\u0103r\u0103 a fi nevoie s\u0103 ajunge\u021bi la cablu. Dimensiunea compact\u0103 face setul u\u0219or de transportat \u0219i depozitat. Designul u\u0219or nu \u00eencarc\u0103 urechile, asigur\u00e2nd o utilizare confortabil\u0103 chiar \u0219i \u00een timpul ascult\u0103rii prelungite a muzicii. Microfonul \u00eencorporat v\u0103 permite s\u0103 vorbi\u021bi liber. Perfect pentru multe situa\u021bii \u2013 c\u00e2nd mergi cu bicicleta \u0219i \u00een ma\u0219in\u0103, \u00een drum spre cas\u0103 sau la serviciu, oric\u00e2nd ai nevoie de ambele m\u00e2ini. Specifica\u021bie: Material: ABS Dimensiune: 24 \u00d7 16 \u00d7 23 mm Greutate: 3 g Versiunea Bluetooth: 5.0 Capacitate baterie: 40 mAh Timp de \u00eenc\u0103rcare: 50 minute Timp de convorbire\/muzic\u0103: 4 ore Timp de a\u0219teptare: 100 de ore Difuzor: 8 mm Comutator de avertizare vocal\u0103: c\u00e2nd nu este conectat, face\u021bi dublu clic pe butonul multifunc\u021bional \u0219i ve\u021bi auzi un bip<\/p>\n","protected":false},"featured_media":14216,"comment_status":"closed","ping_status":"open","template":"","meta":[],"product_brand":[],"product_cat":[230,233],"product_tag":[],"class_list":{"0":"post-14214","1":"product","2":"type-product","3":"status-publish","4":"has-post-thumbnail","6":"product_cat-casca-audio","7":"product_cat-casca-bluetooth","9":"first","10":"instock","11":"shipping-taxable","12":"product-type-simple"},"_links":{"self":[{"href":"https:\/\/bafo.ro\/v22\/wp-json\/wp\/v2\/product\/14214","targetHints":{"allow":["GET"]}}],"collection":[{"href":"https:\/\/bafo.ro\/v22\/wp-json\/wp\/v2\/product"}],"about":[{"href":"https:\/\/bafo.ro\/v22\/wp-json\/wp\/v2\/types\/product"}],"replies":[{"embeddable":true,"href":"https:\/\/bafo.ro\/v22\/wp-json\/wp\/v2\/comments?post=14214"}],"version-history":[{"count":1,"href":"https:\/\/bafo.ro\/v22\/wp-json\/wp\/v2\/product\/14214\/revisions"}],"predecessor-version":[{"id":14215,"href":"https:\/\/bafo.ro\/v22\/wp-json\/wp\/v2\/product\/14214\/revisions\/14215"}],"wp:featuredmedia":[{"embeddable":true,"href":"https:\/\/bafo.ro\/v22\/wp-json\/wp\/v2\/media\/14216"}],"wp:attachment":[{"href":"https:\/\/bafo.ro\/v22\/wp-json\/wp\/v2\/media?parent=14214"}],"wp:term":[{"taxonomy":"product_brand","embeddable":true,"href":"https:\/\/bafo.ro\/v22\/wp-json\/wp\/v2\/product_brand?post=14214"},{"taxonomy":"product_cat","embeddable":true,"href":"https:\/\/bafo.ro\/v22\/wp-json\/wp\/v2\/product_cat?post=14214"},{"taxonomy":"product_tag","embeddable":true,"href":"https:\/\/bafo.ro\/v22\/wp-json\/wp\/v2\/product_tag?post=14214"}],"curies":[{"name":"wp","href":"https:\/\/api.w.org\/{rel}","templated":true}]}}