{"id":13569,"date":"2022-09-23T07:30:44","date_gmt":"2022-09-23T07:30:44","guid":{"rendered":"https:\/\/bafo.ro\/v22\/product\/adaptor-priza-hoco-n14-cu-iesire-type-c-pd-20w-alb\/"},"modified":"2025-03-31T17:00:04","modified_gmt":"2025-03-31T17:00:04","slug":"adaptor-priza-hoco-n14-cu-iesire-type-c-pd-20w-alb","status":"publish","type":"product","link":"https:\/\/bafo.ro\/v22\/product\/adaptor-priza-hoco-n14-cu-iesire-type-c-pd-20w-alb\/","title":{"rendered":"ADAPTOR PRIZA HOCO N14 cu iesire TYPE-C PD 20W alb"},"content":{"rendered":"<p id=\"tw-target-text\" class=\"tw-data-text tw-text-large tw-ta\" dir=\"ltr\" data-placeholder=\"Translation\"><span class=\"Y2IQFc\" lang=\"ro\">Incarcator de perete cu intrare de tip C si suport pentru incarcare rapida PD 20W. \u00cenc\u0103rc\u0103torul de perete N14 accept\u0103 protocolul de \u00eenc\u0103rcare rapid\u0103 PD 20W \u2013 permite \u00eenc\u0103rcarea foarte rapid\u0103 a smartphone-urilor care accept\u0103 protocolul de \u00eenc\u0103rcare men\u021bionat. Potrivit \u0219i pentru \u00eenc\u0103rcarea iPhone 12 . Puterea de 20 W permite un transfer de energie mult mai rapid \u00eentr-un timp mai scurt, ceea ce \u00eenseamn\u0103 c\u0103 este nevoie de mult mai pu\u021bin timp pentru a \u00eenc\u0103rca complet dispozitivul. \u00cenc\u0103rc\u0103torul are o intrare de tip C pentru conectarea unui cablu cu conector USB-C. Fabricat din materiale rezistente la foc de \u00eenalt\u0103 calitate. Potrivit pentru prize standard UE. <\/span><\/p>\n<p class=\"tw-data-text tw-text-large tw-ta\" dir=\"ltr\" data-placeholder=\"Translation\"><span class=\"Y2IQFc\" lang=\"ro\"><em>Specifica\u021bie<\/em>:<\/span><\/p>\n<p class=\"tw-data-text tw-text-large tw-ta\" dir=\"ltr\" data-placeholder=\"Translation\"><span class=\"Y2IQFc\" lang=\"ro\">Material: material ignifug din PC <\/span><\/p>\n<p class=\"tw-data-text tw-text-large tw-ta\" dir=\"ltr\" data-placeholder=\"Translation\"><span class=\"Y2IQFc\" lang=\"ro\">Ie\u0219ire: tip C PD 20W<\/span><\/p>\n<p class=\"tw-data-text tw-text-large tw-ta\" dir=\"ltr\" data-placeholder=\"Translation\"><span class=\"Y2IQFc\" lang=\"ro\">Priz\u0103: UE<\/span><\/p>\n<p class=\"tw-data-text tw-text-large tw-ta\" dir=\"ltr\" data-placeholder=\"Translation\"><span class=\"Y2IQFc\" lang=\"ro\">Dimensiune: 82 * 40 * 23 mm <\/span><\/p>\n<p class=\"tw-data-text tw-text-large tw-ta\" dir=\"ltr\" data-placeholder=\"Translation\"><span class=\"Y2IQFc\" lang=\"ro\">Greutate: 67 g<\/span><\/p>\n","protected":false},"excerpt":{"rendered":"<p>Incarcator de perete cu intrare de tip C si suport pentru incarcare rapida PD 20W. \u00cenc\u0103rc\u0103torul de perete N14 accept\u0103 protocolul de \u00eenc\u0103rcare rapid\u0103 PD 20W \u2013 permite \u00eenc\u0103rcarea foarte rapid\u0103 a smartphone-urilor care accept\u0103 protocolul de \u00eenc\u0103rcare men\u021bionat. Potrivit \u0219i pentru \u00eenc\u0103rcarea iPhone 12 . Puterea de 20 W permite un transfer de energie mult mai rapid \u00eentr-un timp mai scurt, ceea ce \u00eenseamn\u0103 c\u0103 este nevoie de mult mai pu\u021bin timp pentru a \u00eenc\u0103rca complet dispozitivul. \u00cenc\u0103rc\u0103torul are o intrare de tip C pentru conectarea unui cablu cu conector USB-C. Fabricat din materiale rezistente la foc de \u00eenalt\u0103 calitate. Potrivit pentru prize standard UE. Specifica\u021bie: Material: material ignifug din PC Ie\u0219ire: tip C PD 20W Priz\u0103: UE Dimensiune: 82 * 40 * 23 mm Greutate: 67 g<\/p>\n","protected":false},"featured_media":13570,"comment_status":"open","ping_status":"open","template":"","meta":[],"product_brand":[],"product_cat":[468,226],"product_tag":[],"class_list":{"0":"post-13569","1":"product","2":"type-product","3":"status-publish","4":"has-post-thumbnail","6":"product_cat-adaptor-priza","7":"product_cat-incarcatoare","9":"first","10":"outofstock","11":"shipping-taxable","12":"product-type-simple"},"_links":{"self":[{"href":"https:\/\/bafo.ro\/v22\/wp-json\/wp\/v2\/product\/13569","targetHints":{"allow":["GET"]}}],"collection":[{"href":"https:\/\/bafo.ro\/v22\/wp-json\/wp\/v2\/product"}],"about":[{"href":"https:\/\/bafo.ro\/v22\/wp-json\/wp\/v2\/types\/product"}],"replies":[{"embeddable":true,"href":"https:\/\/bafo.ro\/v22\/wp-json\/wp\/v2\/comments?post=13569"}],"version-history":[{"count":0,"href":"https:\/\/bafo.ro\/v22\/wp-json\/wp\/v2\/product\/13569\/revisions"}],"wp:featuredmedia":[{"embeddable":true,"href":"https:\/\/bafo.ro\/v22\/wp-json\/wp\/v2\/media\/13570"}],"wp:attachment":[{"href":"https:\/\/bafo.ro\/v22\/wp-json\/wp\/v2\/media?parent=13569"}],"wp:term":[{"taxonomy":"product_brand","embeddable":true,"href":"https:\/\/bafo.ro\/v22\/wp-json\/wp\/v2\/product_brand?post=13569"},{"taxonomy":"product_cat","embeddable":true,"href":"https:\/\/bafo.ro\/v22\/wp-json\/wp\/v2\/product_cat?post=13569"},{"taxonomy":"product_tag","embeddable":true,"href":"https:\/\/bafo.ro\/v22\/wp-json\/wp\/v2\/product_tag?post=13569"}],"curies":[{"name":"wp","href":"https:\/\/api.w.org\/{rel}","templated":true}]}}