{"id":13047,"date":"2022-07-22T07:48:51","date_gmt":"2022-07-22T07:48:51","guid":{"rendered":"https:\/\/bafo.ro\/v22\/product\/casca-bluetooth-borofone-be10-auriu-negru\/"},"modified":"2025-03-31T16:58:16","modified_gmt":"2025-03-31T16:58:16","slug":"casca-bluetooth-borofone-be10-auriu-negru","status":"publish","type":"product","link":"https:\/\/bafo.ro\/v22\/product\/casca-bluetooth-borofone-be10-auriu-negru\/","title":{"rendered":"CASCA BLUETOOTH BOROFONE BE10 auriu\/negru"},"content":{"rendered":"<p><span class=\"Y2IQFc\" lang=\"ro\">Culoare: auriu-negru <\/span><\/p>\n<p><span class=\"Y2IQFc\" lang=\"ro\">Greutate: 19 g <\/span><\/p>\n<p><span class=\"Y2IQFc\" lang=\"ro\">Versiunea Bluetooth: 4.1<\/span><\/p>\n<p><span class=\"Y2IQFc\" lang=\"ro\">Protocol Bluetooth: A2DP, AVRCP, HSP, HFP <\/span><\/p>\n<p><span class=\"Y2IQFc\" lang=\"ro\">Raza de transmisie: 10m<\/span><\/p>\n<p><span class=\"Y2IQFc\" lang=\"ro\">Timp de \u00eenc\u0103rcare: 2h Timp apel\/muzic\u0103: 4h <\/span><\/p>\n<p><span class=\"Y2IQFc\" lang=\"ro\">Timp de a\u0219teptare: 60h<\/span><\/p>\n<p><span class=\"Y2IQFc\" lang=\"ro\">Capacitate baterie: 50mAh <\/span><\/p>\n<p><span class=\"Y2IQFc\" lang=\"ro\">Designul ergonomic asigur\u0103 confortul \u0219i utilizarea pe termen lung a dispozitivului f\u0103r\u0103 disconfort \u00een ureche<\/span><\/p>\n<p><span class=\"Y2IQFc\" lang=\"ro\">Sunet de \u00eenalt\u0103 calitate, conexiune stabil\u0103<\/span><\/p>\n","protected":false},"excerpt":{"rendered":"<p>Culoare: auriu-negru Greutate: 19 g Versiunea Bluetooth: 4.1 Protocol Bluetooth: A2DP, AVRCP, HSP, HFP Raza de transmisie: 10m Timp de \u00eenc\u0103rcare: 2h Timp apel\/muzic\u0103: 4h Timp de a\u0219teptare: 60h Capacitate baterie: 50mAh Designul ergonomic asigur\u0103 confortul \u0219i utilizarea pe termen lung a dispozitivului f\u0103r\u0103 disconfort \u00een ureche Sunet de \u00eenalt\u0103 calitate, conexiune stabil\u0103<\/p>\n","protected":false},"featured_media":13048,"comment_status":"open","ping_status":"open","template":"","meta":[],"product_brand":[],"product_cat":[230,233],"product_tag":[],"class_list":{"0":"post-13047","1":"product","2":"type-product","3":"status-publish","4":"has-post-thumbnail","6":"product_cat-casca-audio","7":"product_cat-casca-bluetooth","9":"first","10":"outofstock","11":"shipping-taxable","12":"product-type-simple"},"_links":{"self":[{"href":"https:\/\/bafo.ro\/v22\/wp-json\/wp\/v2\/product\/13047","targetHints":{"allow":["GET"]}}],"collection":[{"href":"https:\/\/bafo.ro\/v22\/wp-json\/wp\/v2\/product"}],"about":[{"href":"https:\/\/bafo.ro\/v22\/wp-json\/wp\/v2\/types\/product"}],"replies":[{"embeddable":true,"href":"https:\/\/bafo.ro\/v22\/wp-json\/wp\/v2\/comments?post=13047"}],"version-history":[{"count":0,"href":"https:\/\/bafo.ro\/v22\/wp-json\/wp\/v2\/product\/13047\/revisions"}],"wp:featuredmedia":[{"embeddable":true,"href":"https:\/\/bafo.ro\/v22\/wp-json\/wp\/v2\/media\/13048"}],"wp:attachment":[{"href":"https:\/\/bafo.ro\/v22\/wp-json\/wp\/v2\/media?parent=13047"}],"wp:term":[{"taxonomy":"product_brand","embeddable":true,"href":"https:\/\/bafo.ro\/v22\/wp-json\/wp\/v2\/product_brand?post=13047"},{"taxonomy":"product_cat","embeddable":true,"href":"https:\/\/bafo.ro\/v22\/wp-json\/wp\/v2\/product_cat?post=13047"},{"taxonomy":"product_tag","embeddable":true,"href":"https:\/\/bafo.ro\/v22\/wp-json\/wp\/v2\/product_tag?post=13047"}],"curies":[{"name":"wp","href":"https:\/\/api.w.org\/{rel}","templated":true}]}}