{"id":12852,"date":"2022-07-05T06:56:01","date_gmt":"2022-07-05T06:56:01","guid":{"rendered":"https:\/\/bafo.ro\/v22\/product\/husa-silicon-matt-samsung-galaxy-a33-5g-negru\/"},"modified":"2025-03-31T16:57:32","modified_gmt":"2025-03-31T16:57:32","slug":"husa-silicon-matt-samsung-galaxy-a33-5g-negru","status":"publish","type":"product","link":"https:\/\/bafo.ro\/v22\/product\/husa-silicon-matt-samsung-galaxy-a33-5g-negru\/","title":{"rendered":"HUSA SILICON MATT Samsung Galaxy A33 5G negru"},"content":{"rendered":"<p id=\"tw-target-text\" class=\"tw-data-text tw-text-large tw-ta\" dir=\"ltr\" data-placeholder=\"Translation\"><span class=\"Y2IQFc\" lang=\"ro\">Hus\u0103 clasic\u0103 din silicon moale mat. Se potrive\u0219te bine telefonului, iar marginile u\u0219or rotunjite protejeaz\u0103 marginile dispozitivului. Husa este extrem de placuta la atingere si are o textura mata delicata, ceea ce o face un finisaj elegant pentru telefon. Are decupaje func\u021bionale pentru priza \u00eenc\u0103rc\u0103torului, camer\u0103 sau difuzoare \u0219i capace pentru butoane \u00eencorporate.<\/span><\/p>\n<p id=\"tw-target-text\" class=\"tw-data-text tw-text-large tw-ta\" dir=\"ltr\" data-placeholder=\"Translation\"><span class=\"Y2IQFc\" lang=\"ro\">\u00a0<\/span><\/p>\n","protected":false},"excerpt":{"rendered":"<p>Hus\u0103 clasic\u0103 din silicon moale mat. Se potrive\u0219te bine telefonului, iar marginile u\u0219or rotunjite protejeaz\u0103 marginile dispozitivului. Husa este extrem de placuta la atingere si are o textura mata delicata, ceea ce o face un finisaj elegant pentru telefon. Are decupaje func\u021bionale pentru priza \u00eenc\u0103rc\u0103torului, camer\u0103 sau difuzoare \u0219i capace pentru butoane \u00eencorporate. \u00a0<\/p>\n","protected":false},"featured_media":12850,"comment_status":"open","ping_status":"open","template":"","meta":[],"product_brand":[],"product_cat":[522,244],"product_tag":[],"class_list":{"0":"post-12852","1":"product","2":"type-product","3":"status-publish","4":"has-post-thumbnail","6":"product_cat-husa-matte-tpu-silicon","7":"product_cat-huse","9":"first","10":"outofstock","11":"shipping-taxable","12":"product-type-simple"},"_links":{"self":[{"href":"https:\/\/bafo.ro\/v22\/wp-json\/wp\/v2\/product\/12852","targetHints":{"allow":["GET"]}}],"collection":[{"href":"https:\/\/bafo.ro\/v22\/wp-json\/wp\/v2\/product"}],"about":[{"href":"https:\/\/bafo.ro\/v22\/wp-json\/wp\/v2\/types\/product"}],"replies":[{"embeddable":true,"href":"https:\/\/bafo.ro\/v22\/wp-json\/wp\/v2\/comments?post=12852"}],"version-history":[{"count":0,"href":"https:\/\/bafo.ro\/v22\/wp-json\/wp\/v2\/product\/12852\/revisions"}],"wp:featuredmedia":[{"embeddable":true,"href":"https:\/\/bafo.ro\/v22\/wp-json\/wp\/v2\/media\/12850"}],"wp:attachment":[{"href":"https:\/\/bafo.ro\/v22\/wp-json\/wp\/v2\/media?parent=12852"}],"wp:term":[{"taxonomy":"product_brand","embeddable":true,"href":"https:\/\/bafo.ro\/v22\/wp-json\/wp\/v2\/product_brand?post=12852"},{"taxonomy":"product_cat","embeddable":true,"href":"https:\/\/bafo.ro\/v22\/wp-json\/wp\/v2\/product_cat?post=12852"},{"taxonomy":"product_tag","embeddable":true,"href":"https:\/\/bafo.ro\/v22\/wp-json\/wp\/v2\/product_tag?post=12852"}],"curies":[{"name":"wp","href":"https:\/\/api.w.org\/{rel}","templated":true}]}}