{"id":12440,"date":"2022-05-18T11:53:00","date_gmt":"2022-05-18T11:53:00","guid":{"rendered":"https:\/\/bafo.ro\/v22\/product\/suport-auto-hoco-ca75-magnetic-15w-negru\/"},"modified":"2025-03-31T16:56:09","modified_gmt":"2025-03-31T16:56:09","slug":"suport-auto-hoco-ca75-magnetic-15w-negru","status":"publish","type":"product","link":"https:\/\/bafo.ro\/v22\/product\/suport-auto-hoco-ca75-magnetic-15w-negru\/","title":{"rendered":"SUPORT AUTO HOCO CA75 magnetic 15W cu incarcare wireless negru"},"content":{"rendered":"<p id=\"tw-target-text\" class=\"tw-data-text tw-text-large tw-ta\" dir=\"ltr\" data-placeholder=\"Translation\"><span class=\"Y2IQFc\" lang=\"ro\">Suport magnetic pentru masina cu incarcare wireless. Acesta asigur\u0103 confortul \u0219i siguran\u021ba utiliz\u0103rii naviga\u021biei pe smartphone \u00een timpul conducerii. Suporta \u00eenc\u0103rcare inductiv\u0103. Maner magnetic dotat cu brat reglabil cu incuietoare; v\u0103 permite s\u0103 ajusta\u021bi pozi\u021bia dispozitivului instalat la nevoile individuale. \u0218ase magne\u021bi \u00eencorpora\u021bi asigur\u0103 o atrac\u021bie puternic\u0103, \u00eempiedic\u00e2nd c\u0103derea smartphone-ului \u00een timpul conducerii pe suprafe\u021be neuniforme. Vine cu un set de dou\u0103 suporturi de baz\u0103 care \u00eei permit s\u0103 fie montat at\u00e2t pe tabloul de bord, c\u00e2t \u0219i pe orificiul de ventila\u021bie. Accept\u0103 \u00eenc\u0103rcarea wireless a dispozitivelor. <\/span><\/p>\n<p class=\"tw-data-text tw-text-large tw-ta\" dir=\"ltr\" data-placeholder=\"Translation\"><span class=\"Y2IQFc\" lang=\"ro\">Specifica\u021bie: Material: PC + ABS + piele PU 160 * 70 * 105 mm Greutate: 215 g Ie\u0219ire: 15W \/ 7.5W \/ 10W (15W accept\u0103 doar unele telefoane LG) Intrare: tip C<\/span><\/p>\n","protected":false},"excerpt":{"rendered":"<p>Suport magnetic pentru masina cu incarcare wireless. Acesta asigur\u0103 confortul \u0219i siguran\u021ba utiliz\u0103rii naviga\u021biei pe smartphone \u00een timpul conducerii. Suporta \u00eenc\u0103rcare inductiv\u0103. Maner magnetic dotat cu brat reglabil cu incuietoare; v\u0103 permite s\u0103 ajusta\u021bi pozi\u021bia dispozitivului instalat la nevoile individuale. \u0218ase magne\u021bi \u00eencorpora\u021bi asigur\u0103 o atrac\u021bie puternic\u0103, \u00eempiedic\u00e2nd c\u0103derea smartphone-ului \u00een timpul conducerii pe suprafe\u021be neuniforme. Vine cu un set de dou\u0103 suporturi de baz\u0103 care \u00eei permit s\u0103 fie montat at\u00e2t pe tabloul de bord, c\u00e2t \u0219i pe orificiul de ventila\u021bie. Accept\u0103 \u00eenc\u0103rcarea wireless a dispozitivelor. Specifica\u021bie: Material: PC + ABS + piele PU 160 * 70 * 105 mm Greutate: 215 g Ie\u0219ire: 15W \/ 7.5W \/ 10W (15W accept\u0103 doar unele telefoane LG) Intrare: tip C<\/p>\n","protected":false},"featured_media":12441,"comment_status":"open","ping_status":"open","template":"","meta":[],"product_brand":[],"product_cat":[90,91],"product_tag":[],"class_list":{"0":"post-12440","1":"product","2":"type-product","3":"status-publish","4":"has-post-thumbnail","6":"product_cat-accesorii-auto","7":"product_cat-suport-auto","9":"first","10":"outofstock","11":"shipping-taxable","12":"product-type-simple"},"_links":{"self":[{"href":"https:\/\/bafo.ro\/v22\/wp-json\/wp\/v2\/product\/12440","targetHints":{"allow":["GET"]}}],"collection":[{"href":"https:\/\/bafo.ro\/v22\/wp-json\/wp\/v2\/product"}],"about":[{"href":"https:\/\/bafo.ro\/v22\/wp-json\/wp\/v2\/types\/product"}],"replies":[{"embeddable":true,"href":"https:\/\/bafo.ro\/v22\/wp-json\/wp\/v2\/comments?post=12440"}],"version-history":[{"count":0,"href":"https:\/\/bafo.ro\/v22\/wp-json\/wp\/v2\/product\/12440\/revisions"}],"wp:featuredmedia":[{"embeddable":true,"href":"https:\/\/bafo.ro\/v22\/wp-json\/wp\/v2\/media\/12441"}],"wp:attachment":[{"href":"https:\/\/bafo.ro\/v22\/wp-json\/wp\/v2\/media?parent=12440"}],"wp:term":[{"taxonomy":"product_brand","embeddable":true,"href":"https:\/\/bafo.ro\/v22\/wp-json\/wp\/v2\/product_brand?post=12440"},{"taxonomy":"product_cat","embeddable":true,"href":"https:\/\/bafo.ro\/v22\/wp-json\/wp\/v2\/product_cat?post=12440"},{"taxonomy":"product_tag","embeddable":true,"href":"https:\/\/bafo.ro\/v22\/wp-json\/wp\/v2\/product_tag?post=12440"}],"curies":[{"name":"wp","href":"https:\/\/api.w.org\/{rel}","templated":true}]}}