{"id":12165,"date":"2022-05-02T09:06:46","date_gmt":"2022-05-02T09:06:46","guid":{"rendered":"https:\/\/bafo.ro\/v22\/product\/casca-bluetooth-hoco-e31-negru\/"},"modified":"2025-03-31T16:55:10","modified_gmt":"2025-03-31T16:55:10","slug":"casca-bluetooth-hoco-e31-negru","status":"publish","type":"product","link":"https:\/\/bafo.ro\/v22\/product\/casca-bluetooth-hoco-e31-negru\/","title":{"rendered":"CASCA BLUETOOTH HOCO E31 negru"},"content":{"rendered":"<p id=\"tw-target-text\" class=\"tw-data-text tw-text-large tw-ta\" dir=\"ltr\" data-placeholder=\"Translation\"><span class=\"Y2IQFc\" lang=\"ro\">V\u0103 permite s\u0103 vorbi\u021bi \u0219i s\u0103 asculta\u021bi muzic\u0103 \u00een mod convenabil f\u0103r\u0103 a v\u0103 folosi m\u00e2inile sau cablul. Extrem de convenabil atunci c\u00e2nd c\u0103l\u0103tori\u021bi cu ma\u0219ina. Operare confortabil\u0103 cu o singur\u0103 m\u00e2n\u0103. Telefonul se conecteaz\u0103 la dispozitiv prin tehnologia Bluetooth, astfel \u00eenc\u00e2t red\u0103 sunet clar, de \u00eenalt\u0103 calitate, f\u0103r\u0103 cablu. Dimensiunea compact\u0103 \u0219i structura u\u0219oar\u0103 v\u0103 permit s\u0103 asculta\u021bi muzic\u0103 timp de c\u00e2teva ore f\u0103r\u0103 disconfort. Specifica\u021bie: Versiunea Bluetooth: V4.2 Raza de transmisie: 10 m Tensiune de \u00eenc\u0103rcare: DC 5V Capacitate baterie: 55mAh Timp de \u00eenc\u0103rcare: 2 h Timp de convorbire\/muzic\u0103: 3 h Timp de a\u0219teptare: 90 h Dimensiune: 60 \u00d7 18 \u00d7 25 mm Greutate: 7 g<\/span><\/p>\n","protected":false},"excerpt":{"rendered":"<p>V\u0103 permite s\u0103 vorbi\u021bi \u0219i s\u0103 asculta\u021bi muzic\u0103 \u00een mod convenabil f\u0103r\u0103 a v\u0103 folosi m\u00e2inile sau cablul. Extrem de convenabil atunci c\u00e2nd c\u0103l\u0103tori\u021bi cu ma\u0219ina. Operare confortabil\u0103 cu o singur\u0103 m\u00e2n\u0103. Telefonul se conecteaz\u0103 la dispozitiv prin tehnologia Bluetooth, astfel \u00eenc\u00e2t red\u0103 sunet clar, de \u00eenalt\u0103 calitate, f\u0103r\u0103 cablu. Dimensiunea compact\u0103 \u0219i structura u\u0219oar\u0103 v\u0103 permit s\u0103 asculta\u021bi muzic\u0103 timp de c\u00e2teva ore f\u0103r\u0103 disconfort. Specifica\u021bie: Versiunea Bluetooth: V4.2 Raza de transmisie: 10 m Tensiune de \u00eenc\u0103rcare: DC 5V Capacitate baterie: 55mAh Timp de \u00eenc\u0103rcare: 2 h Timp de convorbire\/muzic\u0103: 3 h Timp de a\u0219teptare: 90 h Dimensiune: 60 \u00d7 18 \u00d7 25 mm Greutate: 7 g<\/p>\n","protected":false},"featured_media":12166,"comment_status":"open","ping_status":"open","template":"","meta":[],"product_brand":[],"product_cat":[230,233],"product_tag":[],"class_list":{"0":"post-12165","1":"product","2":"type-product","3":"status-publish","4":"has-post-thumbnail","6":"product_cat-casca-audio","7":"product_cat-casca-bluetooth","9":"first","10":"outofstock","11":"shipping-taxable","12":"product-type-simple"},"_links":{"self":[{"href":"https:\/\/bafo.ro\/v22\/wp-json\/wp\/v2\/product\/12165","targetHints":{"allow":["GET"]}}],"collection":[{"href":"https:\/\/bafo.ro\/v22\/wp-json\/wp\/v2\/product"}],"about":[{"href":"https:\/\/bafo.ro\/v22\/wp-json\/wp\/v2\/types\/product"}],"replies":[{"embeddable":true,"href":"https:\/\/bafo.ro\/v22\/wp-json\/wp\/v2\/comments?post=12165"}],"version-history":[{"count":0,"href":"https:\/\/bafo.ro\/v22\/wp-json\/wp\/v2\/product\/12165\/revisions"}],"wp:featuredmedia":[{"embeddable":true,"href":"https:\/\/bafo.ro\/v22\/wp-json\/wp\/v2\/media\/12166"}],"wp:attachment":[{"href":"https:\/\/bafo.ro\/v22\/wp-json\/wp\/v2\/media?parent=12165"}],"wp:term":[{"taxonomy":"product_brand","embeddable":true,"href":"https:\/\/bafo.ro\/v22\/wp-json\/wp\/v2\/product_brand?post=12165"},{"taxonomy":"product_cat","embeddable":true,"href":"https:\/\/bafo.ro\/v22\/wp-json\/wp\/v2\/product_cat?post=12165"},{"taxonomy":"product_tag","embeddable":true,"href":"https:\/\/bafo.ro\/v22\/wp-json\/wp\/v2\/product_tag?post=12165"}],"curies":[{"name":"wp","href":"https:\/\/api.w.org\/{rel}","templated":true}]}}