{"id":11676,"date":"2022-02-21T10:19:35","date_gmt":"2022-02-21T10:19:35","guid":{"rendered":"https:\/\/bafo.ro\/v22\/product\/incarcator-retea-hoco-n3-cu-cablu-microusb-18w-1xusb-qc3-0-negru\/"},"modified":"2025-03-31T16:53:18","modified_gmt":"2025-03-31T16:53:18","slug":"incarcator-retea-hoco-n3-cu-cablu-microusb-18w-1xusb-qc3-0-negru","status":"publish","type":"product","link":"https:\/\/bafo.ro\/v22\/product\/incarcator-retea-hoco-n3-cu-cablu-microusb-18w-1xusb-qc3-0-negru\/","title":{"rendered":"Incarcator retea Hoco N3 cu cablu Microusb 18W 1XUSB QC3.0 negru"},"content":{"rendered":"<p id=\"tw-target-text\" class=\"tw-data-text tw-text-large tw-ta\" dir=\"ltr\" data-placeholder=\"Translation\"><span class=\"Y2IQFc\" lang=\"ro\">&#8211; \u00cenc\u0103rc\u0103tor de perete modern cu port USB<\/span><\/p>\n<p class=\"tw-data-text tw-text-large tw-ta\" dir=\"ltr\" data-placeholder=\"Translation\"><span class=\"Y2IQFc\" lang=\"ro\"> &#8211; Suport\u0103 protocolul de \u00eenc\u0103rcare rapid\u0103 QC 3.0<\/span><\/p>\n<p><span class=\"Y2IQFc\" lang=\"ro\">&#8211; Permite \u00eenc\u0103rcarea rapid\u0103 \u0219i sigur\u0103 a dispozitivelor<\/span><\/p>\n<p><span class=\"Y2IQFc\" lang=\"ro\">&#8211; Compact \u0219i la \u00eendem\u00e2n\u0103 &#8211; \u00eenc\u0103rc\u0103torul de perete HOCO N3 este compact, ceea ce permite portabilitate \u0219i depozitare f\u0103r\u0103 probleme<\/span><\/p>\n<p><span class=\"Y2IQFc\" lang=\"ro\">&#8211; Puterea total\u0103 de ie\u0219ire de 18 W permite dispozitivelor s\u0103 fie \u00eenc\u0103rcate rapid; sistemul de securitate incorporat si utilizarea materialelor durabile, rezistente la foc asigura siguranta in timpul incarcarii<\/span><\/p>\n<p><span class=\"Y2IQFc\" lang=\"ro\">&#8211; Accesoriul accept\u0103 QC3.0 \/ QC2.0, FCP, Samsung AFC \u0219i alte solu\u021bii de \u00eenc\u0103rcare rapid\u0103 <\/span><\/p>\n<p><span class=\"Y2IQFc\" lang=\"ro\">&#8211; Vine cu cablu Micro USB pentru \u00eenc\u0103rcare \u0219i transfer de date<\/span><\/p>\n<p><span class=\"Y2IQFc\" lang=\"ro\">&#8211; <em>Specifica\u021bie<\/em>: Ie\u0219ire: 3,6 V-6,5 V\/3 A, 6,6 V-9 V\/2 A, 9,1 V-12 V\/1,5 A (18 W) Material: ABS + PC Lungime cablu: 1 m Dimensiune: 86 * 45 * 29 mm Greutate: 67 g<\/span><\/p>\n","protected":false},"excerpt":{"rendered":"<p>&#8211; \u00cenc\u0103rc\u0103tor de perete modern cu port USB &#8211; Suport\u0103 protocolul de \u00eenc\u0103rcare rapid\u0103 QC 3.0 &#8211; Permite \u00eenc\u0103rcarea rapid\u0103 \u0219i sigur\u0103 a dispozitivelor &#8211; Compact \u0219i la \u00eendem\u00e2n\u0103 &#8211; \u00eenc\u0103rc\u0103torul de perete HOCO N3 este compact, ceea ce permite portabilitate \u0219i depozitare f\u0103r\u0103 probleme &#8211; Puterea total\u0103 de ie\u0219ire de 18 W permite dispozitivelor s\u0103 fie \u00eenc\u0103rcate rapid; sistemul de securitate incorporat si utilizarea materialelor durabile, rezistente la foc asigura siguranta in timpul incarcarii &#8211; Accesoriul accept\u0103 QC3.0 \/ QC2.0, FCP, Samsung AFC \u0219i alte solu\u021bii de \u00eenc\u0103rcare rapid\u0103 &#8211; Vine cu cablu Micro USB pentru \u00eenc\u0103rcare \u0219i transfer de date &#8211; Specifica\u021bie: Ie\u0219ire: 3,6 V-6,5 V\/3 A, 6,6 V-9 V\/2 A, 9,1 V-12 V\/1,5 A (18 W) Material: ABS + PC Lungime cablu: 1 m Dimensiune: 86 * 45 * 29 mm Greutate: 67 g<\/p>\n","protected":false},"featured_media":11677,"comment_status":"open","ping_status":"open","template":"","meta":[],"product_brand":[138],"product_cat":[226,227,441],"product_tag":[],"class_list":{"0":"post-11676","1":"product","2":"type-product","3":"status-publish","4":"has-post-thumbnail","6":"product_brand-hoco","7":"product_cat-incarcatoare","8":"product_cat-incarcator-retea","9":"product_cat-incarcator-retea-microusb","11":"first","12":"outofstock","13":"shipping-taxable","14":"product-type-simple"},"_links":{"self":[{"href":"https:\/\/bafo.ro\/v22\/wp-json\/wp\/v2\/product\/11676","targetHints":{"allow":["GET"]}}],"collection":[{"href":"https:\/\/bafo.ro\/v22\/wp-json\/wp\/v2\/product"}],"about":[{"href":"https:\/\/bafo.ro\/v22\/wp-json\/wp\/v2\/types\/product"}],"replies":[{"embeddable":true,"href":"https:\/\/bafo.ro\/v22\/wp-json\/wp\/v2\/comments?post=11676"}],"version-history":[{"count":0,"href":"https:\/\/bafo.ro\/v22\/wp-json\/wp\/v2\/product\/11676\/revisions"}],"wp:featuredmedia":[{"embeddable":true,"href":"https:\/\/bafo.ro\/v22\/wp-json\/wp\/v2\/media\/11677"}],"wp:attachment":[{"href":"https:\/\/bafo.ro\/v22\/wp-json\/wp\/v2\/media?parent=11676"}],"wp:term":[{"taxonomy":"product_brand","embeddable":true,"href":"https:\/\/bafo.ro\/v22\/wp-json\/wp\/v2\/product_brand?post=11676"},{"taxonomy":"product_cat","embeddable":true,"href":"https:\/\/bafo.ro\/v22\/wp-json\/wp\/v2\/product_cat?post=11676"},{"taxonomy":"product_tag","embeddable":true,"href":"https:\/\/bafo.ro\/v22\/wp-json\/wp\/v2\/product_tag?post=11676"}],"curies":[{"name":"wp","href":"https:\/\/api.w.org\/{rel}","templated":true}]}}