{"id":10683,"date":"2021-11-08T09:16:52","date_gmt":"2021-11-08T09:16:52","guid":{"rendered":"https:\/\/bafo.ro\/v22\/product\/suport-auto-hoco-ca76-touareg-negru\/"},"modified":"2025-03-31T16:49:46","modified_gmt":"2025-03-31T16:49:46","slug":"suport-auto-hoco-ca76-touareg-negru","status":"publish","type":"product","link":"https:\/\/bafo.ro\/v22\/product\/suport-auto-hoco-ca76-touareg-negru\/","title":{"rendered":"SUPORT AUTO HOCO CA76 Touareg negru"},"content":{"rendered":"<p id=\"tw-target-text\" class=\"tw-data-text tw-text-large XcVN5d tw-ta\" dir=\"ltr\" data-placeholder=\"Translation\"><span class=\"Y2IQFc\" lang=\"ro\"><strong><em>SPECIFICATIILE PRODUSULUI<\/em><\/strong>. Un suport auto montat pe bord sau pe parbriz. A fost conceput pentru \u0219oferii care petrec ore \u00eentregi c\u0103l\u0103torind. Tehnologia folosit\u0103 \u00eenseamn\u0103 c\u0103 la urcarea \u00een ma\u0219in\u0103 este suficient s\u0103 pui telefonul \u00een suport pentru a-l fixa ferm. O clem\u0103 puternic\u0103 asigur\u0103 stabilizarea \u0219i siguran\u021ba telefonului chiar \u0219i pe un drum foarte dificil. Rotirea la 360 de grade v\u0103 permite s\u0103 ajusta\u021bi m\u00e2nerul la nevoile dvs. individuale, iar bra\u021bul extensibil &#8211; seta\u021bi-l la distan\u021ba potrivit\u0103. Bratele suportului sunt c\u0103ptu\u0219ite cu silicon, ceea ce previne zg\u00e2rierea carcasei telefonului. Reglarea la 360 de grade v\u0103 permite s\u0103 \u00eel seta\u021bi \u00een orice pozi\u021bie, \u00een func\u021bie de preferin\u021bele fiecaruia. Pentru utilizare multipl\u0103, \u00eenainte de a schimba locul de instalare, este suficient s\u0103 cl\u0103ti\u021bi ventuza sub jet de ap\u0103, s\u0103 a\u0219tepta\u021bi p\u00e2n\u0103 se usuc\u0103 \u0219i s\u0103 o ata\u0219a\u021bi din nou.<\/span><\/p>\n","protected":false},"excerpt":{"rendered":"<p>SPECIFICATIILE PRODUSULUI. Un suport auto montat pe bord sau pe parbriz. A fost conceput pentru \u0219oferii care petrec ore \u00eentregi c\u0103l\u0103torind. Tehnologia folosit\u0103 \u00eenseamn\u0103 c\u0103 la urcarea \u00een ma\u0219in\u0103 este suficient s\u0103 pui telefonul \u00een suport pentru a-l fixa ferm. O clem\u0103 puternic\u0103 asigur\u0103 stabilizarea \u0219i siguran\u021ba telefonului chiar \u0219i pe un drum foarte dificil. Rotirea la 360 de grade v\u0103 permite s\u0103 ajusta\u021bi m\u00e2nerul la nevoile dvs. individuale, iar bra\u021bul extensibil &#8211; seta\u021bi-l la distan\u021ba potrivit\u0103. Bratele suportului sunt c\u0103ptu\u0219ite cu silicon, ceea ce previne zg\u00e2rierea carcasei telefonului. Reglarea la 360 de grade v\u0103 permite s\u0103 \u00eel seta\u021bi \u00een orice pozi\u021bie, \u00een func\u021bie de preferin\u021bele fiecaruia. Pentru utilizare multipl\u0103, \u00eenainte de a schimba locul de instalare, este suficient s\u0103 cl\u0103ti\u021bi ventuza sub jet de ap\u0103, s\u0103 a\u0219tepta\u021bi p\u00e2n\u0103 se usuc\u0103 \u0219i s\u0103 o ata\u0219a\u021bi din nou.<\/p>\n","protected":false},"featured_media":10685,"comment_status":"closed","ping_status":"open","template":"","meta":[],"product_brand":[138],"product_cat":[90,91],"product_tag":[],"class_list":{"0":"post-10683","1":"product","2":"type-product","3":"status-publish","4":"has-post-thumbnail","6":"product_brand-hoco","7":"product_cat-accesorii-auto","8":"product_cat-suport-auto","10":"first","11":"outofstock","12":"shipping-taxable","13":"product-type-simple"},"_links":{"self":[{"href":"https:\/\/bafo.ro\/v22\/wp-json\/wp\/v2\/product\/10683","targetHints":{"allow":["GET"]}}],"collection":[{"href":"https:\/\/bafo.ro\/v22\/wp-json\/wp\/v2\/product"}],"about":[{"href":"https:\/\/bafo.ro\/v22\/wp-json\/wp\/v2\/types\/product"}],"replies":[{"embeddable":true,"href":"https:\/\/bafo.ro\/v22\/wp-json\/wp\/v2\/comments?post=10683"}],"version-history":[{"count":1,"href":"https:\/\/bafo.ro\/v22\/wp-json\/wp\/v2\/product\/10683\/revisions"}],"predecessor-version":[{"id":10684,"href":"https:\/\/bafo.ro\/v22\/wp-json\/wp\/v2\/product\/10683\/revisions\/10684"}],"wp:featuredmedia":[{"embeddable":true,"href":"https:\/\/bafo.ro\/v22\/wp-json\/wp\/v2\/media\/10685"}],"wp:attachment":[{"href":"https:\/\/bafo.ro\/v22\/wp-json\/wp\/v2\/media?parent=10683"}],"wp:term":[{"taxonomy":"product_brand","embeddable":true,"href":"https:\/\/bafo.ro\/v22\/wp-json\/wp\/v2\/product_brand?post=10683"},{"taxonomy":"product_cat","embeddable":true,"href":"https:\/\/bafo.ro\/v22\/wp-json\/wp\/v2\/product_cat?post=10683"},{"taxonomy":"product_tag","embeddable":true,"href":"https:\/\/bafo.ro\/v22\/wp-json\/wp\/v2\/product_tag?post=10683"}],"curies":[{"name":"wp","href":"https:\/\/api.w.org\/{rel}","templated":true}]}}