{"id":10317,"date":"2021-10-04T08:04:45","date_gmt":"2021-10-04T08:04:45","guid":{"rendered":"https:\/\/bafo.ro\/v22\/product\/suport-auto-blue-star-regular-27cm-9298-negru\/"},"modified":"2025-03-31T16:48:28","modified_gmt":"2025-03-31T16:48:28","slug":"suport-auto-blue-star-regular-27cm-9298-negru","status":"publish","type":"product","link":"https:\/\/bafo.ro\/v22\/product\/suport-auto-blue-star-regular-27cm-9298-negru\/","title":{"rendered":"SUPORT AUTO BLUE STAR REGULAR 27CM 9298 negru"},"content":{"rendered":"<p id=\"tw-target-text\" class=\"tw-data-text tw-text-large XcVN5d tw-ta\" dir=\"ltr\" data-placeholder=\"Translation\"><em><span class=\"Y2IQFc\" lang=\"ro\">SPECIFICATIILE PRODUSULUI<\/span><\/em><\/p>\n<p class=\"tw-data-text tw-text-large XcVN5d tw-ta\" dir=\"ltr\" data-placeholder=\"Translation\"><span class=\"Y2IQFc\" lang=\"ro\">Suportul pentru ma\u0219in\u0103 Blue Premium REGULAR are un bra\u021b foarte lung \u0219i flexibil, care permite fixarea suportului \u00een diferite unghiuri. Bra\u021bul flexibil v\u0103 permite s\u0103 regla\u021bi pozi\u021bia afi\u0219ajului la nevoile individuale ale \u0219oferului. Reglarea m\u00e2nerului v\u0103 permite s\u0103 o a\u0219eza\u021bi \u00een locul optim pentru ochii \u0219i m\u00e2inile \u0219oferului. Datorit\u0103 acestui fapt, este posibil s\u0103 utiliza\u021bi \u00een mod convenabil navigarea prin GPS, notific\u0103rile sau alte func\u021bionalit\u0103\u021bi ale dispozitivului \u00een timp ce conduce\u021bi, asigur\u00e2nd \u00een acela\u0219i timp siguran\u021ba \u0219oferului \u0219i a pasagerilor. M\u00e2nerul este fabricat din plastic de \u00eenalt\u0103 calitate, ceea ce garanteaz\u0103 durabilitatea \u0219i confortul de utilizare. Clemele \u0219i spatele sunt acoperite cu un material plastic care protejeaz\u0103 \u00eempotriva zg\u00e2rieturilor. Culoare neagra Montare: ventuz\u0103 \u0219i gril\u0103 de admisie. Distan\u021ba umerilor: 38-107 mm. Lungimea bra\u021bului: 270 mm<\/span><\/p>\n","protected":false},"excerpt":{"rendered":"<p>SPECIFICATIILE PRODUSULUI Suportul pentru ma\u0219in\u0103 Blue Premium REGULAR are un bra\u021b foarte lung \u0219i flexibil, care permite fixarea suportului \u00een diferite unghiuri. Bra\u021bul flexibil v\u0103 permite s\u0103 regla\u021bi pozi\u021bia afi\u0219ajului la nevoile individuale ale \u0219oferului. Reglarea m\u00e2nerului v\u0103 permite s\u0103 o a\u0219eza\u021bi \u00een locul optim pentru ochii \u0219i m\u00e2inile \u0219oferului. Datorit\u0103 acestui fapt, este posibil s\u0103 utiliza\u021bi \u00een mod convenabil navigarea prin GPS, notific\u0103rile sau alte func\u021bionalit\u0103\u021bi ale dispozitivului \u00een timp ce conduce\u021bi, asigur\u00e2nd \u00een acela\u0219i timp siguran\u021ba \u0219oferului \u0219i a pasagerilor. M\u00e2nerul este fabricat din plastic de \u00eenalt\u0103 calitate, ceea ce garanteaz\u0103 durabilitatea \u0219i confortul de utilizare. Clemele \u0219i spatele sunt acoperite cu un material plastic care protejeaz\u0103 \u00eempotriva zg\u00e2rieturilor. Culoare neagra Montare: ventuz\u0103 \u0219i gril\u0103 de admisie. Distan\u021ba umerilor: 38-107 mm. Lungimea bra\u021bului: 270 mm<\/p>\n","protected":false},"featured_media":10318,"comment_status":"open","ping_status":"open","template":"","meta":[],"product_brand":[177],"product_cat":[90,91],"product_tag":[],"class_list":{"0":"post-10317","1":"product","2":"type-product","3":"status-publish","4":"has-post-thumbnail","6":"product_brand-bluestar","7":"product_cat-accesorii-auto","8":"product_cat-suport-auto","10":"first","11":"outofstock","12":"shipping-taxable","13":"product-type-simple"},"_links":{"self":[{"href":"https:\/\/bafo.ro\/v22\/wp-json\/wp\/v2\/product\/10317","targetHints":{"allow":["GET"]}}],"collection":[{"href":"https:\/\/bafo.ro\/v22\/wp-json\/wp\/v2\/product"}],"about":[{"href":"https:\/\/bafo.ro\/v22\/wp-json\/wp\/v2\/types\/product"}],"replies":[{"embeddable":true,"href":"https:\/\/bafo.ro\/v22\/wp-json\/wp\/v2\/comments?post=10317"}],"version-history":[{"count":0,"href":"https:\/\/bafo.ro\/v22\/wp-json\/wp\/v2\/product\/10317\/revisions"}],"wp:featuredmedia":[{"embeddable":true,"href":"https:\/\/bafo.ro\/v22\/wp-json\/wp\/v2\/media\/10318"}],"wp:attachment":[{"href":"https:\/\/bafo.ro\/v22\/wp-json\/wp\/v2\/media?parent=10317"}],"wp:term":[{"taxonomy":"product_brand","embeddable":true,"href":"https:\/\/bafo.ro\/v22\/wp-json\/wp\/v2\/product_brand?post=10317"},{"taxonomy":"product_cat","embeddable":true,"href":"https:\/\/bafo.ro\/v22\/wp-json\/wp\/v2\/product_cat?post=10317"},{"taxonomy":"product_tag","embeddable":true,"href":"https:\/\/bafo.ro\/v22\/wp-json\/wp\/v2\/product_tag?post=10317"}],"curies":[{"name":"wp","href":"https:\/\/api.w.org\/{rel}","templated":true}]}}